Last updated on 2025-10-31 00:51:06 CET.
| Flavor | Version | Tinstall | Tcheck | Ttotal | Status | Flags | 
|---|---|---|---|---|---|---|
| r-devel-linux-x86_64-debian-clang | 0.1.4 | 9.53 | 54.30 | 63.83 | NOTE | |
| r-devel-linux-x86_64-debian-gcc | 0.1.4 | 6.59 | 40.56 | 47.15 | NOTE | |
| r-devel-linux-x86_64-fedora-clang | 0.1.4 | 34.00 | 65.03 | 99.03 | NOTE | |
| r-devel-linux-x86_64-fedora-gcc | 0.1.4 | 17.00 | 70.20 | 87.20 | NOTE | |
| r-devel-windows-x86_64 | 0.1.4 | 13.00 | 72.00 | 85.00 | NOTE | |
| r-patched-linux-x86_64 | 0.1.4 | 10.10 | 49.71 | 59.81 | NOTE | |
| r-release-linux-x86_64 | 0.1.4 | 9.45 | 49.71 | 59.16 | NOTE | |
| r-release-macos-arm64 | 0.1.4 | 10.00 | 34.00 | 44.00 | NOTE | |
| r-release-macos-x86_64 | 0.1.4 | 11.00 | 59.00 | 70.00 | NOTE | |
| r-release-windows-x86_64 | 0.1.4 | 12.00 | 74.00 | 86.00 | NOTE | |
| r-oldrel-macos-arm64 | 0.1.4 | 7.00 | 28.00 | 35.00 | NOTE | |
| r-oldrel-macos-x86_64 | 0.1.4 | 17.00 | 41.00 | 58.00 | NOTE | |
| r-oldrel-windows-x86_64 | 0.1.4 | 17.00 | 91.00 | 108.00 | NOTE | 
Version: 0.1.4
Check: CRAN incoming feasibility
Result: NOTE
  Maintainer: ‘Jacob R. Bradley <cobrbradley@gmail.com>’
  
  The Description field contains
    and Cannings (2021) <arXiv:2102.04296>. This package allows the user to
  Please refer to arXiv e-prints via their arXiv DOI <doi:10.48550/arXiv.YYMM.NNNNN>.
Flavors: r-devel-linux-x86_64-debian-clang, r-devel-linux-x86_64-debian-gcc
Version: 0.1.4
Check: Rd files
Result: NOTE
  checkRd: (-1) get_p.Rd:29: Lost braces; missing escapes or markup?
      29 | \item A numeric p_norm, giving the factor between p_{gs} and phi_{0gs} (see paper for details).
         |                                                     ^
  checkRd: (-1) get_p.Rd:29: Lost braces; missing escapes or markup?
      29 | \item A numeric p_norm, giving the factor between p_{gs} and phi_{0gs} (see paper for details).
         |                                                                  ^
Flavors: r-devel-linux-x86_64-debian-clang, r-devel-linux-x86_64-debian-gcc, r-devel-linux-x86_64-fedora-clang, r-devel-linux-x86_64-fedora-gcc, r-devel-windows-x86_64, r-patched-linux-x86_64, r-release-linux-x86_64, r-release-macos-arm64, r-release-macos-x86_64, r-release-windows-x86_64, r-oldrel-macos-arm64, r-oldrel-macos-x86_64, r-oldrel-windows-x86_64