Last updated on 2025-10-31 00:51:06 CET.
| Flavor | Version | Tinstall | Tcheck | Ttotal | Status | Flags | 
|---|---|---|---|---|---|---|
| r-devel-linux-x86_64-debian-clang | 0.1.6 | 2.30 | 33.62 | 35.92 | ERROR | |
| r-devel-linux-x86_64-debian-gcc | 0.1.7 | 1.80 | 25.84 | 27.64 | OK | |
| r-devel-linux-x86_64-fedora-clang | 0.1.7 | 47.62 | OK | |||
| r-devel-linux-x86_64-fedora-gcc | 0.1.7 | 47.29 | OK | |||
| r-devel-windows-x86_64 | 0.1.6 | 4.00 | 65.00 | 69.00 | OK | |
| r-patched-linux-x86_64 | 0.1.7 | 2.74 | 28.91 | 31.65 | OK | |
| r-release-linux-x86_64 | 0.1.6 | 1.62 | 30.57 | 32.19 | ERROR | |
| r-release-macos-arm64 | 0.1.7 | 1.00 | 41.00 | 42.00 | OK | |
| r-release-macos-x86_64 | 0.1.7 | 3.00 | 68.00 | 71.00 | OK | |
| r-release-windows-x86_64 | 0.1.7 | 6.00 | 78.00 | 84.00 | OK | |
| r-oldrel-macos-arm64 | 0.1.7 | 1.00 | 54.00 | 55.00 | OK | |
| r-oldrel-macos-x86_64 | 0.1.7 | 10.00 | 99.00 | 109.00 | OK | |
| r-oldrel-windows-x86_64 | 0.1.6 | 6.00 | 74.00 | 80.00 | OK | 
Version: 0.1.6
Check: examples
Result: ERROR
  Running examples in ‘I14Y-Ex.R’ failed
  The error most likely occurred in:
  
  > base::assign(".ptime", proc.time(), pos = "CheckExEnv")
  > ### Name: i14y_get_data_service
  > ### Title: Get the dcat data service.
  > ### Aliases: i14y_get_data_service
  > 
  > ### ** Examples
  > 
  > i14y_get_data_service(
  +  id = "0aaed69d-15ff-415a-8a38-4f9f0c3b429e",
  +  language = "en"
  + )
  Error in `httr2::req_perform()`:
  ! HTTP 404 Not Found.
  Backtrace:
       ▆
    1. └─I14Y::i14y_get_data_service(...)
    2.   └─httr2::req_perform(req)
    3.     └─httr2:::handle_resp(req, resp, error_call = error_call)
    4.       └─httr2:::resp_failure_cnd(req, resp, error_call = error_call)
    5.         ├─rlang::catch_cnd(...)
    6.         │ ├─rlang::eval_bare(...)
    7.         │ ├─base::tryCatch(...)
    8.         │ │ └─base (local) tryCatchList(expr, classes, parentenv, handlers)
    9.         │ │   └─base (local) tryCatchOne(expr, names, parentenv, handlers[[1L]])
   10.         │ │     └─base (local) doTryCatch(return(expr), name, parentenv, handler)
   11.         │ └─base::force(expr)
   12.         └─rlang::abort(...)
  Execution halted
Flavors: r-devel-linux-x86_64-debian-clang, r-release-linux-x86_64
Version: 0.1.6
Check: tests
Result: ERROR
    Running ‘testthat.R’ [3s/10s]
  Running the tests in ‘tests/testthat.R’ failed.
  Complete output:
    > # This file is part of the standard setup for testthat.
    > # It is recommended that you do not modify it.
    > #
    > # Where should you do additional test configuration?
    > # Learn more about the roles of various files in:
    > # * https://r-pkgs.org/testing-design.html#sec-tests-files-overview
    > # * https://testthat.r-lib.org/articles/special-files.html
    > 
    > library(testthat)
    > library(I14Y)
    > 
    > test_check("I14Y")
    [ FAIL 1 | WARN 0 | SKIP 0 | PASS 24 ]
    
    ══ Failed tests ════════════════════════════════════════════════════════════════
    ── Error ('test-i14y_get_data_service.R:5:3'): i14y_get_data_service() returns a list ──
    <httr2_http_404/httr2_http/httr2_error/rlang_error/rlang_error/error/condition>
    Error in `httr2::req_perform(req)`: HTTP 404 Not Found.
    Backtrace:
         ▆
      1. └─I14Y::i14y_get_data_service(...) at test-i14y_get_data_service.R:5:3
      2.   └─httr2::req_perform(req)
      3.     └─httr2:::handle_resp(req, resp, error_call = error_call)
      4.       └─httr2:::resp_failure_cnd(req, resp, error_call = error_call)
      5.         ├─rlang::catch_cnd(...)
      6.         │ ├─rlang::eval_bare(...)
      7.         │ ├─base::tryCatch(...)
      8.         │ │ └─base (local) tryCatchList(expr, classes, parentenv, handlers)
      9.         │ │   └─base (local) tryCatchOne(expr, names, parentenv, handlers[[1L]])
     10.         │ │     └─base (local) doTryCatch(return(expr), name, parentenv, handler)
     11.         │ └─base::force(expr)
     12.         └─rlang::abort(...)
    
    [ FAIL 1 | WARN 0 | SKIP 0 | PASS 24 ]
    Error: Test failures
    Execution halted
Flavor: r-devel-linux-x86_64-debian-clang
Version: 0.1.6
Check: tests
Result: ERROR
    Running ‘testthat.R’ [3s/9s]
  Running the tests in ‘tests/testthat.R’ failed.
  Complete output:
    > # This file is part of the standard setup for testthat.
    > # It is recommended that you do not modify it.
    > #
    > # Where should you do additional test configuration?
    > # Learn more about the roles of various files in:
    > # * https://r-pkgs.org/testing-design.html#sec-tests-files-overview
    > # * https://testthat.r-lib.org/articles/special-files.html
    > 
    > library(testthat)
    > library(I14Y)
    > 
    > test_check("I14Y")
    [ FAIL 1 | WARN 0 | SKIP 0 | PASS 24 ]
    
    ══ Failed tests ════════════════════════════════════════════════════════════════
    ── Error ('test-i14y_get_data_service.R:5:3'): i14y_get_data_service() returns a list ──
    <httr2_http_404/httr2_http/httr2_error/rlang_error/rlang_error/error/condition>
    Error in `httr2::req_perform(req)`: HTTP 404 Not Found.
    Backtrace:
         ▆
      1. └─I14Y::i14y_get_data_service(...) at test-i14y_get_data_service.R:5:3
      2.   └─httr2::req_perform(req)
      3.     └─httr2:::handle_resp(req, resp, error_call = error_call)
      4.       └─httr2:::resp_failure_cnd(req, resp, error_call = error_call)
      5.         ├─rlang::catch_cnd(...)
      6.         │ ├─rlang::eval_bare(...)
      7.         │ ├─base::tryCatch(...)
      8.         │ │ └─base (local) tryCatchList(expr, classes, parentenv, handlers)
      9.         │ │   └─base (local) tryCatchOne(expr, names, parentenv, handlers[[1L]])
     10.         │ │     └─base (local) doTryCatch(return(expr), name, parentenv, handler)
     11.         │ └─base::force(expr)
     12.         └─rlang::abort(...)
    
    [ FAIL 1 | WARN 0 | SKIP 0 | PASS 24 ]
    Error: Test failures
    Execution halted
Flavor: r-release-linux-x86_64