Last updated on 2025-10-31 00:51:05 CET.
| Flavor | Version | Tinstall | Tcheck | Ttotal | Status | Flags | 
|---|---|---|---|---|---|---|
| r-devel-linux-x86_64-debian-clang | 1.2.0 | 9.47 | 113.07 | 122.54 | OK | |
| r-devel-linux-x86_64-debian-gcc | 1.2.0 | 8.20 | 83.72 | 91.92 | OK | |
| r-devel-linux-x86_64-fedora-clang | 1.2.0 | 50.00 | 151.08 | 201.08 | OK | |
| r-devel-linux-x86_64-fedora-gcc | 1.2.0 | 20.00 | 174.15 | 194.15 | OK | |
| r-devel-windows-x86_64 | 1.2.0 | 15.00 | 113.00 | 128.00 | OK | |
| r-patched-linux-x86_64 | 1.2.0 | 9.63 | 105.29 | 114.92 | OK | |
| r-release-linux-x86_64 | 1.2.0 | 9.59 | 105.78 | 115.37 | OK | |
| r-release-macos-arm64 | 1.2.0 | 6.00 | 52.00 | 58.00 | OK | |
| r-release-macos-x86_64 | 1.2.0 | 11.00 | 93.00 | 104.00 | OK | |
| r-release-windows-x86_64 | 1.2.0 | 16.00 | 114.00 | 130.00 | OK | |
| r-oldrel-macos-arm64 | 1.2.0 | 7.00 | 54.00 | 61.00 | OK | |
| r-oldrel-macos-x86_64 | 1.2.0 | 16.00 | 148.00 | 164.00 | NOTE | |
| r-oldrel-windows-x86_64 | 1.2.0 | 20.00 | 144.00 | 164.00 | OK | 
Version: 1.2.0
Check: installed package size
Result: NOTE
    installed size is  5.7Mb
    sub-directories of 1Mb or more:
      data   3.1Mb
      help   2.0Mb
Flavor: r-oldrel-macos-x86_64