Last updated on 2025-10-31 00:51:05 CET.
| Flavor | Version | Tinstall | Tcheck | Ttotal | Status | Flags | 
|---|---|---|---|---|---|---|
| r-devel-linux-x86_64-debian-clang | 0.0.3 | 6.99 | 70.20 | 77.19 | NOTE | |
| r-devel-linux-x86_64-debian-gcc | 0.0.3 | 4.68 | 50.49 | 55.17 | NOTE | |
| r-devel-linux-x86_64-fedora-clang | 0.0.3 | 29.00 | 97.65 | 126.65 | OK | |
| r-devel-linux-x86_64-fedora-gcc | 0.0.3 | 15.00 | 267.84 | 282.84 | OK | |
| r-devel-windows-x86_64 | 0.0.3 | 9.00 | 80.00 | 89.00 | OK | |
| r-patched-linux-x86_64 | 0.0.3 | 6.76 | 65.36 | 72.12 | OK | |
| r-release-linux-x86_64 | 0.0.3 | 6.35 | 66.14 | 72.49 | OK | |
| r-release-macos-arm64 | 0.0.3 | 3.00 | 89.00 | 92.00 | OK | |
| r-release-macos-x86_64 | 0.0.3 | 5.00 | 144.00 | 149.00 | OK | |
| r-release-windows-x86_64 | 0.0.3 | 8.00 | 82.00 | 90.00 | OK | |
| r-oldrel-macos-arm64 | 0.0.3 | 3.00 | 67.00 | 70.00 | OK | |
| r-oldrel-macos-x86_64 | 0.0.3 | 4.00 | 118.00 | 122.00 | OK | |
| r-oldrel-windows-x86_64 | 0.0.3 | 12.00 | 101.00 | 113.00 | OK | 
Version: 0.0.3
Check: CRAN incoming feasibility
Result: NOTE
  Maintainer: ‘Ruidong Li <rli012@ucr.edu>’
  
  No Authors@R field in DESCRIPTION.
  Please add one, modifying
    Authors@R: c(person(given = "Ruidong",
                        family = "Li",
                        role = c("aut", "cre"),
                        email = "rli012@ucr.edu"),
                 person(given = "Han",
                        family = "Qu",
                        role = "aut"),
                 person(given = "Jinfeng",
                        family = "Chen",
                        role = "aut"),
                 person(given = "Shibo",
                        family = "Wang",
                        role = "aut"),
                 person(family = "Le Zhang",
                        role = "aut"),
                 person(given = "Julong",
                        family = "Wei",
                        role = "aut"),
                 person(given = c("Sergio", "Pietro"),
                        family = "Ferrante",
                        role = "aut"),
                 person(given = c("Mikeal", "L."),
                        family = "Roose",
                        role = "aut"),
                 person(given = "Zhenyu",
                        family = "Jia",
                        role = "aut"))
  as necessary.
Flavors: r-devel-linux-x86_64-debian-clang, r-devel-linux-x86_64-debian-gcc