Last updated on 2025-10-31 00:51:05 CET.
| Flavor | Version | Tinstall | Tcheck | Ttotal | Status | Flags | 
|---|---|---|---|---|---|---|
| r-devel-linux-x86_64-debian-clang | 0.4-4 | 59.95 | 75.56 | 135.51 | WARN | --no-vignettes | 
| r-devel-linux-x86_64-debian-gcc | 0.4-4 | 36.72 | 57.39 | 94.11 | WARN | --no-vignettes | 
| r-devel-linux-x86_64-fedora-clang | 0.4-4 | 236.00 | 637.33 | 873.33 | NOTE | |
| r-devel-linux-x86_64-fedora-gcc | 0.4-4 | 107.00 | 1048.03 | 1155.03 | NOTE | |
| r-devel-windows-x86_64 | 0.4-4 | 70.00 | 334.00 | 404.00 | NOTE | |
| r-patched-linux-x86_64 | 0.4-4 | 60.57 | 71.23 | 131.80 | NOTE | --no-vignettes | 
| r-release-linux-x86_64 | 0.4-4 | 58.18 | 71.22 | 129.40 | NOTE | --no-vignettes | 
| r-release-macos-arm64 | 0.4-4 | 23.00 | 149.00 | 172.00 | NOTE | |
| r-release-macos-x86_64 | 0.4-4 | 27.00 | 327.00 | 354.00 | NOTE | |
| r-release-windows-x86_64 | 0.4-4 | 69.00 | 338.00 | 407.00 | NOTE | |
| r-oldrel-macos-arm64 | 0.4-4 | 23.00 | 92.00 | 115.00 | NOTE | |
| r-oldrel-macos-x86_64 | 0.4-4 | 24.00 | 138.00 | 162.00 | NOTE | |
| r-oldrel-windows-x86_64 | 0.4-4 | 82.00 | 370.00 | 452.00 | NOTE | 
Version: 0.4-4
Flags: --no-vignettes
Check: CRAN incoming feasibility
Result: NOTE
  Maintainer: ‘Longhai Li <longhai@math.usask.ca>’
  
  Package CITATION file contains call(s) to old-style citEntry().  Please
  use bibentry() instead.
  
  The Description field contains
    Computation and Simulation, 88:14, 2827-2851, <arXiv:1405.3319>.
  Please refer to arXiv e-prints via their arXiv DOI <doi:10.48550/arXiv.YYMM.NNNNN>.
Flavors: r-devel-linux-x86_64-debian-clang, r-devel-linux-x86_64-debian-gcc
Version: 0.4-4
Flags: --no-vignettes
Check: whether package can be installed
Result: WARN
  Found the following significant warnings:
    /home/hornik/tmp/R.check/r-devel-clang/Work/build/Packages/RcppArmadillo/include/RcppArmadillo/version/arma.h:66:17: warning: Using fallback compilation with Armadillo 14.6.3. Please consider defining -DARMA_USE_CURRENT and also removing C++11 compilation directive. See GitHub issue #475 for more. [-W#pragma-messages]
  See ‘/home/hornik/tmp/R.check/r-devel-clang/Work/PKGS/HTLR.Rcheck/00install.out’ for details.
  * used C++ compiler: ‘Debian clang version 19.1.7 (7)’
Flavor: r-devel-linux-x86_64-debian-clang
Version: 0.4-4
Flags: --no-vignettes
Check: C++ specification
Result: NOTE
    Specified C++11: please drop specification unless essential
Flavors: r-devel-linux-x86_64-debian-clang, r-devel-linux-x86_64-debian-gcc, r-patched-linux-x86_64, r-release-linux-x86_64
Version: 0.4-4
Flags: --no-vignettes
Check: whether package can be installed
Result: WARN
  Found the following significant warnings:
    /home/hornik/tmp/R.check/r-devel-gcc/Work/build/Packages/RcppArmadillo/include/RcppArmadillo/version/arma.h:66:199: note: ‘#pragma message: Using fallback compilation with Armadillo 14.6.3. Please consider defining -DARMA_USE_CURRENT and also removing C++11 compilation directive. See GitHub issue #475 for more.’
  See ‘/home/hornik/tmp/R.check/r-devel-gcc/Work/PKGS/HTLR.Rcheck/00install.out’ for details.
  * used C++ compiler: ‘g++-15 (Debian 15.2.0-4) 15.2.0’
Flavor: r-devel-linux-x86_64-debian-gcc
Version: 0.4-4
Check: C++ specification
Result: NOTE
    Specified C++11: please drop specification unless essential
Flavors: r-devel-linux-x86_64-fedora-clang, r-devel-linux-x86_64-fedora-gcc, r-devel-windows-x86_64, r-release-macos-arm64, r-release-macos-x86_64, r-release-windows-x86_64, r-oldrel-macos-arm64, r-oldrel-macos-x86_64, r-oldrel-windows-x86_64
Version: 0.4-4
Check: installed package size
Result: NOTE
    installed size is  5.8Mb
    sub-directories of 1Mb or more:
      doc    1.1Mb
      libs   3.5Mb
Flavors: r-oldrel-macos-arm64, r-oldrel-macos-x86_64