Last updated on 2024-07-22 01:49:25 CEST.
Flavor | Version | Tinstall | Tcheck | Ttotal | Status | Flags |
---|---|---|---|---|---|---|
r-devel-linux-x86_64-debian-clang | 1.0-5 | 15.27 | 53.65 | 68.92 | OK | |
r-devel-linux-x86_64-debian-gcc | 1.0-5 | 13.28 | 40.38 | 53.66 | OK | |
r-devel-linux-x86_64-fedora-clang | 1.0-5 | 89.22 | NOTE | |||
r-devel-linux-x86_64-fedora-gcc | 1.0-5 | 87.26 | OK | |||
r-devel-windows-x86_64 | 1.0-5 | 17.00 | 68.00 | 85.00 | NOTE | |
r-patched-linux-x86_64 | 1.0-5 | 15.07 | 50.27 | 65.34 | OK | |
r-release-linux-x86_64 | 1.0-5 | 14.56 | 50.60 | 65.16 | OK | |
r-release-macos-arm64 | 1.0-5 | 34.00 | NOTE | |||
r-release-macos-x86_64 | 1.0-5 | 48.00 | NOTE | |||
r-release-windows-x86_64 | 1.0-5 | 16.00 | 67.00 | 83.00 | NOTE | |
r-oldrel-macos-arm64 | 1.0-5 | 38.00 | NOTE | |||
r-oldrel-macos-x86_64 | 1.0-5 | 58.00 | NOTE | |||
r-oldrel-windows-x86_64 | 1.0-5 | 15.00 | 75.00 | 90.00 | NOTE |
Version: 1.0-5
Check: installed package size
Result: NOTE
installed size is 7.6Mb
sub-directories of 1Mb or more:
data 7.1Mb
Flavors: r-devel-linux-x86_64-fedora-clang, r-devel-windows-x86_64, r-release-macos-arm64, r-release-macos-x86_64, r-release-windows-x86_64, r-oldrel-macos-arm64, r-oldrel-macos-x86_64, r-oldrel-windows-x86_64