Last updated on 2024-06-05 01:47:52 CEST.
Flavor | Version | Tinstall | Tcheck | Ttotal | Status | Flags |
---|---|---|---|---|---|---|
r-devel-linux-x86_64-debian-clang | 0.5.0 | 111.41 | 302.69 | 414.10 | NOTE | |
r-devel-linux-x86_64-debian-gcc | 0.5.0 | 76.31 | 218.24 | 294.55 | NOTE | |
r-devel-linux-x86_64-fedora-clang | 0.5.0 | 534.02 | NOTE | |||
r-devel-linux-x86_64-fedora-gcc | 0.5.0 | 537.17 | NOTE | |||
r-devel-windows-x86_64 | 0.5.0 | 87.00 | 231.00 | 318.00 | NOTE | |
r-patched-linux-x86_64 | 0.5.0 | 92.40 | 288.10 | 380.50 | NOTE | |
r-release-linux-x86_64 | 0.5.0 | 80.28 | 292.82 | 373.10 | NOTE | |
r-release-macos-arm64 | 0.5.0 | 138.00 | NOTE | |||
r-release-windows-x86_64 | 0.5.0 | 82.00 | 239.00 | 321.00 | NOTE | |
r-oldrel-macos-arm64 | 0.5.0 | 155.00 | NOTE | |||
r-oldrel-macos-x86_64 | 0.5.0 | 260.00 | NOTE | |||
r-oldrel-windows-x86_64 | 0.5.0 | 106.00 | 322.00 | 428.00 | NOTE |
Version: 0.5.0
Check: C++ specification
Result: NOTE
Specified C++11: please drop specification unless essential
Flavors: r-devel-linux-x86_64-debian-clang, r-devel-linux-x86_64-debian-gcc, r-devel-linux-x86_64-fedora-clang, r-devel-linux-x86_64-fedora-gcc, r-devel-windows-x86_64, r-patched-linux-x86_64, r-release-linux-x86_64, r-release-macos-arm64, r-release-windows-x86_64, r-oldrel-macos-arm64, r-oldrel-macos-x86_64, r-oldrel-windows-x86_64