Last updated on 2025-10-31 00:51:05 CET.
| Flavor | Version | Tinstall | Tcheck | Ttotal | Status | Flags | 
|---|---|---|---|---|---|---|
| r-devel-linux-x86_64-debian-clang | 0.1.0 | 2.50 | 24.62 | 27.12 | NOTE | |
| r-devel-linux-x86_64-debian-gcc | 0.1.0 | 2.13 | 20.68 | 22.81 | NOTE | |
| r-devel-linux-x86_64-fedora-clang | 0.1.0 | 42.63 | NOTE | |||
| r-devel-linux-x86_64-fedora-gcc | 0.1.0 | 51.90 | NOTE | |||
| r-devel-windows-x86_64 | 0.1.0 | 4.00 | 42.00 | 46.00 | OK | |
| r-patched-linux-x86_64 | 0.1.0 | 2.73 | 23.29 | 26.02 | OK | |
| r-release-linux-x86_64 | 0.1.0 | 2.60 | 23.55 | 26.15 | OK | |
| r-release-macos-arm64 | 0.1.0 | 2.00 | 30.00 | 32.00 | OK | |
| r-release-macos-x86_64 | 0.1.0 | 2.00 | 37.00 | 39.00 | OK | |
| r-release-windows-x86_64 | 0.1.0 | 3.00 | 45.00 | 48.00 | OK | |
| r-oldrel-macos-arm64 | 0.1.0 | 1.00 | 23.00 | 24.00 | OK | |
| r-oldrel-macos-x86_64 | 0.1.0 | 2.00 | 36.00 | 38.00 | OK | |
| r-oldrel-windows-x86_64 | 0.1.0 | 5.00 | 49.00 | 54.00 | OK | 
Version: 0.1.0
Check: CRAN incoming feasibility
Result: NOTE
  Maintainer: ‘Jinan Pang <pang.jinan@qq.com>’
  
  No Authors@R field in DESCRIPTION.
  Please add one, modifying
    Authors@R: c(person(family = "JinanPang",
                        role = c("aut", "cre")),
                 person(family = "HuiLi",
                        role = "ctb"),
                 person(given = "Jinan",
                        family = "Pang",
                        role = "cre",
                        email = "pang.jinan@qq.com"))
  as necessary.
Flavors: r-devel-linux-x86_64-debian-clang, r-devel-linux-x86_64-debian-gcc
Version: 0.1.0
Check: dependencies in R code
Result: NOTE
  Namespace in Imports field not imported from: ‘knitr’
    All declared Imports should be used.
Flavors: r-devel-linux-x86_64-fedora-clang, r-devel-linux-x86_64-fedora-gcc