Last updated on 2025-10-31 00:51:05 CET.
| Flavor | Version | Tinstall | Tcheck | Ttotal | Status | Flags | 
|---|---|---|---|---|---|---|
| r-devel-linux-x86_64-debian-clang | 1.0.1 | 32.62 | 298.24 | 330.86 | OK | |
| r-devel-linux-x86_64-debian-gcc | 1.0.1 | 24.78 | 212.12 | 236.90 | OK | |
| r-devel-linux-x86_64-fedora-clang | 1.0.1 | 187.00 | 371.29 | 558.29 | OK | |
| r-devel-linux-x86_64-fedora-gcc | 1.0.1 | 265.00 | 264.35 | 529.35 | OK | |
| r-devel-windows-x86_64 | 1.0.1 | 33.00 | 242.00 | 275.00 | OK | |
| r-patched-linux-x86_64 | 1.0.1 | 0.30 | 1.72 | 2.02 | ERROR | |
| r-release-linux-x86_64 | 1.0.1 | 34.70 | 284.76 | 319.46 | OK | |
| r-release-macos-arm64 | 1.0.1 | 15.00 | 107.00 | 122.00 | OK | |
| r-release-macos-x86_64 | 1.0.1 | 50.00 | 229.00 | 279.00 | OK | |
| r-release-windows-x86_64 | 1.0.1 | 37.00 | 246.00 | 283.00 | OK | |
| r-oldrel-macos-arm64 | 1.0.1 | 20.00 | 123.00 | 143.00 | OK | |
| r-oldrel-macos-x86_64 | 1.0.1 | 48.00 | 258.00 | 306.00 | OK | |
| r-oldrel-windows-x86_64 | 1.0.1 | 47.00 | 320.00 | 367.00 | OK | 
Version: 1.0.1
Check: package dependencies
Result: ERROR
  Package required but not available: ‘DESeq2’
  
  See section ‘The DESCRIPTION file’ in the ‘Writing R Extensions’
  manual.
Flavor: r-patched-linux-x86_64