Last updated on 2025-02-22 00:49:47 CET.
Flavor | Version | Tinstall | Tcheck | Ttotal | Status | Flags |
---|---|---|---|---|---|---|
r-devel-linux-x86_64-debian-clang | 1.0.5-1 | 110.39 | 79.42 | 189.81 | OK | |
r-devel-linux-x86_64-debian-gcc | 1.0.5-1 | 90.55 | 66.13 | 156.68 | OK | |
r-devel-linux-x86_64-fedora-clang | 1.0.5-1 | 324.58 | OK | |||
r-devel-linux-x86_64-fedora-gcc | 1.0.5-1 | 356.14 | OK | |||
r-devel-macos-arm64 | 1.0.5-1 | 75.00 | OK | |||
r-devel-macos-x86_64 | 1.0.5-1 | 110.00 | OK | |||
r-devel-windows-x86_64 | 1.0.5-1 | 111.00 | 114.00 | 225.00 | OK | |
r-patched-linux-x86_64 | 1.0.5-1 | 119.69 | 87.45 | 207.14 | OK | |
r-release-linux-x86_64 | 1.0.5-1 | 120.66 | 86.17 | 206.83 | OK | |
r-release-macos-arm64 | 1.0.5-1 | 92.00 | NOTE | |||
r-release-macos-x86_64 | 1.0.5-1 | 113.00 | NOTE | |||
r-release-windows-x86_64 | 1.0.5-1 | 114.00 | 116.00 | 230.00 | OK | |
r-oldrel-macos-arm64 | 1.0.5 | 85.00 | NOTE | |||
r-oldrel-macos-x86_64 | 1.0.5-1 | 109.00 | NOTE | |||
r-oldrel-windows-x86_64 | 1.0.5-1 | 140.00 | 149.00 | 289.00 | OK |
Version: 1.0.5-1
Check: installed package size
Result: NOTE
installed size is 36.2Mb
sub-directories of 1Mb or more:
libs 35.2Mb
Flavors: r-release-macos-arm64, r-release-macos-x86_64, r-oldrel-macos-x86_64
Version: 1.0.5
Check: installed package size
Result: NOTE
installed size is 35.4Mb
sub-directories of 1Mb or more:
libs 34.5Mb
Flavor: r-oldrel-macos-arm64