Last updated on 2025-10-31 00:51:05 CET.
| Flavor | Version | Tinstall | Tcheck | Ttotal | Status | Flags | 
|---|---|---|---|---|---|---|
| r-devel-linux-x86_64-debian-clang | 1.0-2 | 8.25 | 95.74 | 103.99 | NOTE | |
| r-devel-linux-x86_64-debian-gcc | 1.0-2 | 5.50 | 71.24 | 76.74 | NOTE | |
| r-devel-linux-x86_64-fedora-clang | 1.0-2 | 22.00 | 143.54 | 165.54 | OK | |
| r-devel-linux-x86_64-fedora-gcc | 1.0-2 | 16.00 | 142.66 | 158.66 | OK | |
| r-devel-windows-x86_64 | 1.0-2 | 9.00 | 103.00 | 112.00 | OK | |
| r-patched-linux-x86_64 | 1.0-2 | 8.01 | 96.52 | 104.53 | OK | |
| r-release-linux-x86_64 | 1.0-2 | 7.22 | 97.25 | 104.47 | OK | |
| r-release-macos-arm64 | 1.0-2 | 5.00 | 46.00 | 51.00 | OK | |
| r-release-macos-x86_64 | 1.0-2 | 8.00 | 115.00 | 123.00 | OK | |
| r-release-windows-x86_64 | 1.0-2 | 9.00 | 114.00 | 123.00 | OK | |
| r-oldrel-macos-arm64 | 1.0-2 | 4.00 | 46.00 | 50.00 | OK | |
| r-oldrel-macos-x86_64 | 1.0-2 | 5.00 | 70.00 | 75.00 | OK | |
| r-oldrel-windows-x86_64 | 1.0-2 | 13.00 | 136.00 | 149.00 | OK | 
Version: 1.0-2
Check: CRAN incoming feasibility
Result: NOTE
  Maintainer: ‘Xin Xu <xin.xu@yale.edu>’
  
  No Authors@R field in DESCRIPTION.
  Please add one, modifying
    Authors@R: c(person(given = "Hanzhong",
                        family = "Liu",
                        role = "aut"),
                 person(given = "Xin",
                        family = "Xu",
                        role = c("aut", "cre"),
                        email = "xin.xu@yale.edu"),
                 person(given = c("Jingyi", "Jessica"),
                        family = "Li",
                        role = "aut"))
  as necessary.
Flavors: r-devel-linux-x86_64-debian-clang, r-devel-linux-x86_64-debian-gcc