Last updated on 2025-10-31 00:51:05 CET.
| Flavor | Version | Tinstall | Tcheck | Ttotal | Status | Flags | 
|---|---|---|---|---|---|---|
| r-devel-linux-x86_64-debian-clang | 0.3.2 | 2.69 | 33.69 | 36.38 | NOTE | |
| r-devel-linux-x86_64-debian-gcc | 0.3.2 | 2.11 | 26.46 | 28.57 | NOTE | |
| r-devel-linux-x86_64-fedora-clang | 0.3.2 | 52.63 | NOTE | |||
| r-devel-linux-x86_64-fedora-gcc | 0.3.2 | 49.96 | NOTE | |||
| r-devel-windows-x86_64 | 0.3.2 | 4.00 | 53.00 | 57.00 | OK | |
| r-patched-linux-x86_64 | 0.3.2 | 1.79 | 31.76 | 33.55 | NOTE | |
| r-release-linux-x86_64 | 0.3.2 | 2.85 | 31.92 | 34.77 | NOTE | |
| r-release-macos-arm64 | 0.3.2 | 1.00 | 23.00 | 24.00 | OK | |
| r-release-macos-x86_64 | 0.3.2 | 2.00 | 32.00 | 34.00 | OK | |
| r-release-windows-x86_64 | 0.3.2 | 4.00 | 56.00 | 60.00 | OK | |
| r-oldrel-macos-arm64 | 0.3.2 | 1.00 | 18.00 | 19.00 | OK | |
| r-oldrel-macos-x86_64 | 0.3.2 | 2.00 | 29.00 | 31.00 | OK | |
| r-oldrel-windows-x86_64 | 0.3.2 | 5.00 | 63.00 | 68.00 | OK | 
Version: 0.3.2
Check: CRAN incoming feasibility
Result: NOTE
  Maintainer: ‘Hui (Tom) Tang <htang2013@gmail.com>’
  
  No Authors@R field in DESCRIPTION.
  Please add one, modifying
    Authors@R: c(person(given = "Hui",
                        family = "Tang",
                        role = "aut"),
                 person(given = c("Norbert", "J."),
                        family = "Pienta",
                        role = "aut"),
                 person(given = "Hui",
                        family = "Tang",
                        role = "cre",
                        email = "htang2013@gmail.com",
                        comment = "Tom"))
  as necessary.
Flavors: r-devel-linux-x86_64-debian-clang, r-devel-linux-x86_64-debian-gcc
Version: 0.3.2
Check: for non-standard things in the check directory
Result: NOTE
  Found the following files/directories:
    ‘p1_20up-vs-p2_25up_in_str1.txt’ ‘p1_20up-vs-p2_25up_in_str2.txt’
    ‘p2_25up-vs-p1_20up_in_str1.txt’ ‘p2_25up-vs-p1_20up_in_str2.txt’
    ‘s0_20up.txt’ ‘s0_30up.txt’ ‘s0_f2up.txt’ ‘strs.vec_01mx.txt’
    ‘strs.vec_02mx.txt’ ‘strs.vec_03mx.txt’ ‘strs.vec_04mx.txt’
    ‘strs.vec_05mx.txt’ ‘strs.vec_06mx.txt’ ‘strs.vec_30up.txt’
    ‘strs.vec_50up.txt’ ‘strs.vec_f2up.txt’ ‘uni_p1_20up-p2_25up.txt’
Flavors: r-devel-linux-x86_64-debian-clang, r-devel-linux-x86_64-debian-gcc, r-devel-linux-x86_64-fedora-clang, r-devel-linux-x86_64-fedora-gcc, r-patched-linux-x86_64, r-release-linux-x86_64
Version: 0.3.2
Check: dependencies in R code
Result: NOTE
  Namespace in Imports field not imported from: ‘Rcpp’
    All declared Imports should be used.
Flavors: r-devel-linux-x86_64-fedora-clang, r-devel-linux-x86_64-fedora-gcc