Last updated on 2025-10-31 00:51:05 CET.
| Flavor | Version | Tinstall | Tcheck | Ttotal | Status | Flags | 
|---|---|---|---|---|---|---|
| r-devel-linux-x86_64-debian-clang | 2.4-1 | 106.15 | 156.08 | 262.23 | OK | |
| r-devel-linux-x86_64-debian-gcc | 2.4-1 | 78.91 | 115.69 | 194.60 | OK | |
| r-devel-linux-x86_64-fedora-clang | 2.4-1 | 185.00 | 218.98 | 403.98 | OK | |
| r-devel-linux-x86_64-fedora-gcc | 2.4-1 | 255.00 | 181.04 | 436.04 | OK | |
| r-devel-windows-x86_64 | 2.4-1 | 107.00 | 170.00 | 277.00 | OK | |
| r-patched-linux-x86_64 | 2.4-1 | 109.77 | 155.07 | 264.84 | OK | |
| r-release-linux-x86_64 | 2.4-1 | 111.98 | 156.37 | 268.35 | OK | |
| r-release-macos-arm64 | 2.4-1 | 49.00 | 63.00 | 112.00 | OK | |
| r-release-macos-x86_64 | 2.4-1 | 99.00 | 127.00 | 226.00 | OK | |
| r-release-windows-x86_64 | 2.4-1 | 115.00 | 175.00 | 290.00 | OK | |
| r-oldrel-macos-arm64 | 2.4-1 | 46.00 | 57.00 | 103.00 | NOTE | |
| r-oldrel-macos-x86_64 | 2.4-1 | 108.00 | 124.00 | 232.00 | NOTE | |
| r-oldrel-windows-x86_64 | 2.4-1 | 130.00 | 216.00 | 346.00 | OK | 
Version: 2.4-1
Check: installed package size
Result: NOTE
    installed size is 27.9Mb
    sub-directories of 1Mb or more:
      data   1.5Mb
      libs  25.6Mb
Flavors: r-oldrel-macos-arm64, r-oldrel-macos-x86_64