Last updated on 2025-10-31 00:51:05 CET.
| Flavor | Version | Tinstall | Tcheck | Ttotal | Status | Flags | 
|---|---|---|---|---|---|---|
| r-devel-linux-x86_64-debian-clang | 2.6 | 7.38 | 62.40 | 69.78 | NOTE | |
| r-devel-linux-x86_64-debian-gcc | 2.6 | 6.33 | 47.02 | 53.35 | NOTE | |
| r-devel-linux-x86_64-fedora-clang | 2.6 | 16.00 | 85.51 | 101.51 | OK | |
| r-devel-linux-x86_64-fedora-gcc | 2.6 | 17.00 | 82.38 | 99.38 | OK | |
| r-devel-windows-x86_64 | 2.6 | 9.00 | 70.00 | 79.00 | OK | |
| r-patched-linux-x86_64 | 2.6 | 7.33 | 59.60 | 66.93 | OK | |
| r-release-linux-x86_64 | 2.6 | 7.90 | 60.50 | 68.40 | OK | |
| r-release-macos-arm64 | 2.6 | 4.00 | 31.00 | 35.00 | OK | |
| r-release-macos-x86_64 | 2.6 | 7.00 | 54.00 | 61.00 | OK | |
| r-release-windows-x86_64 | 2.6 | 10.00 | 73.00 | 83.00 | OK | |
| r-oldrel-macos-arm64 | 2.6 | 4.00 | 28.00 | 32.00 | OK | |
| r-oldrel-macos-x86_64 | 2.6 | 6.00 | 41.00 | 47.00 | OK | |
| r-oldrel-windows-x86_64 | 2.6 | 13.00 | 87.00 | 100.00 | OK | 
Version: 2.6
Check: CRAN incoming feasibility
Result: NOTE
  Maintainer: ‘Marie-Karelle Riviere <eldamjh@gmail.com>’
  
  No Authors@R field in DESCRIPTION.
  Please add one, modifying
    Authors@R: person(given = "Marie-Karelle",
                      family = "Riviere",
                      role = c("aut", "cre"),
                      email = "eldamjh@gmail.com")
  as necessary.
Flavors: r-devel-linux-x86_64-debian-clang, r-devel-linux-x86_64-debian-gcc