Last updated on 2025-10-31 00:51:05 CET.
| Flavor | Version | Tinstall | Tcheck | Ttotal | Status | Flags | 
|---|---|---|---|---|---|---|
| r-devel-linux-x86_64-debian-clang | 1.0 | 4.42 | 43.09 | 47.51 | NOTE | |
| r-devel-linux-x86_64-debian-gcc | 1.0 | 3.14 | 32.95 | 36.09 | NOTE | |
| r-devel-linux-x86_64-fedora-clang | 1.0 | 13.00 | 59.91 | 72.91 | OK | |
| r-devel-linux-x86_64-fedora-gcc | 1.0 | 10.00 | 73.37 | 83.37 | OK | |
| r-devel-windows-x86_64 | 1.0 | 6.00 | 61.00 | 67.00 | OK | |
| r-patched-linux-x86_64 | 1.0 | 4.88 | 40.65 | 45.53 | OK | |
| r-release-linux-x86_64 | 1.0 | 4.33 | 41.11 | 45.44 | OK | |
| r-release-macos-arm64 | 1.0 | 2.00 | 29.00 | 31.00 | OK | |
| r-release-macos-x86_64 | 1.0 | 5.00 | 66.00 | 71.00 | OK | |
| r-release-windows-x86_64 | 1.0 | 6.00 | 63.00 | 69.00 | OK | |
| r-oldrel-macos-arm64 | 1.0 | 2.00 | 29.00 | 31.00 | OK | |
| r-oldrel-macos-x86_64 | 1.0 | 3.00 | 43.00 | 46.00 | OK | |
| r-oldrel-windows-x86_64 | 1.0 | 9.00 | 73.00 | 82.00 | OK | 
Version: 1.0
Check: CRAN incoming feasibility
Result: NOTE
  Maintainer: ‘Xueyuan Cao <xcao12@uthsc.edu>’
  
  Found the following \keyword or \concept entries
  which likely give several index terms:
    File ‘gsda.Rd’:
      \keyword{association;}
      \keyword{enrichment;}
Flavors: r-devel-linux-x86_64-debian-clang, r-devel-linux-x86_64-debian-gcc