Last updated on 2025-10-31 00:51:05 CET.
| Flavor | Version | Tinstall | Tcheck | Ttotal | Status | Flags | 
|---|---|---|---|---|---|---|
| r-devel-linux-x86_64-debian-clang | 1.0 | 2.30 | 25.61 | 27.91 | NOTE | |
| r-devel-linux-x86_64-debian-gcc | 1.0 | 1.97 | 21.10 | 23.07 | NOTE | |
| r-devel-linux-x86_64-fedora-clang | 1.0 | 39.71 | OK | |||
| r-devel-linux-x86_64-fedora-gcc | 1.0 | 40.06 | OK | |||
| r-devel-windows-x86_64 | 1.0 | 3.00 | 42.00 | 45.00 | OK | |
| r-patched-linux-x86_64 | 1.0 | 2.69 | 24.67 | 27.36 | OK | |
| r-release-linux-x86_64 | 1.0 | 2.62 | 24.68 | 27.30 | OK | |
| r-release-macos-arm64 | 1.0 | 2.00 | 19.00 | 21.00 | OK | |
| r-release-macos-x86_64 | 1.0 | 5.00 | 33.00 | 38.00 | OK | |
| r-release-windows-x86_64 | 1.0 | 4.00 | 45.00 | 49.00 | OK | |
| r-oldrel-macos-arm64 | 1.0 | 2.00 | 16.00 | 18.00 | OK | |
| r-oldrel-macos-x86_64 | 1.0 | 2.00 | 24.00 | 26.00 | OK | |
| r-oldrel-windows-x86_64 | 1.0 | 5.00 | 50.00 | 55.00 | OK | 
Version: 1.0
Check: CRAN incoming feasibility
Result: NOTE
  Maintainer: ‘Xiaoping Shi <xiaoping.shi@ubc.ca>’
  
  The Description field contains
    <arXiv:2107.00728>.
  Please refer to arXiv e-prints via their arXiv DOI <doi:10.48550/arXiv.YYMM.NNNNN>.
Flavors: r-devel-linux-x86_64-debian-clang, r-devel-linux-x86_64-debian-gcc