Last updated on 2025-10-31 00:51:05 CET.
| Flavor | Version | Tinstall | Tcheck | Ttotal | Status | Flags | 
|---|---|---|---|---|---|---|
| r-devel-linux-x86_64-debian-clang | 1.4.2 | 42.65 | 238.39 | 281.04 | OK | |
| r-devel-linux-x86_64-debian-gcc | 1.4.2 | 36.51 | 204.59 | 241.10 | OK | |
| r-devel-linux-x86_64-fedora-clang | 1.4.2 | 241.00 | 234.87 | 475.87 | OK | |
| r-devel-linux-x86_64-fedora-gcc | 1.4.2 | 367.00 | 161.83 | 528.83 | OK | |
| r-devel-windows-x86_64 | 1.4.2 | 65.00 | 307.00 | 372.00 | OK | |
| r-patched-linux-x86_64 | 1.4.2 | 46.61 | 220.73 | 267.34 | OK | |
| r-release-linux-x86_64 | 1.4.2 | 47.94 | 265.51 | 313.45 | OK | |
| r-release-macos-arm64 | 1.4.2 | 29.00 | 179.00 | 208.00 | OK | |
| r-release-macos-x86_64 | 1.4.2 | 56.00 | 370.00 | 426.00 | OK | |
| r-release-windows-x86_64 | 1.4.2 | 66.00 | 310.00 | 376.00 | OK | |
| r-oldrel-macos-arm64 | 1.4.2 | 26.00 | 149.00 | 175.00 | NOTE | |
| r-oldrel-macos-x86_64 | 1.4.2 | 39.00 | 357.00 | 396.00 | NOTE | |
| r-oldrel-windows-x86_64 | 1.4.2 | 81.00 | 388.00 | 469.00 | NOTE | 
Version: 1.4.2
Check: package dependencies
Result: NOTE
  Packages suggested but not available for checking:
    'SeqArray', 'SeqVarTools'
Flavor: r-oldrel-macos-arm64
Version: 1.4.2
Check: installed package size
Result: NOTE
    installed size is  7.6Mb
    sub-directories of 1Mb or more:
      libs   5.7Mb
Flavors: r-oldrel-macos-arm64, r-oldrel-macos-x86_64
Version: 1.4.2
Check: package dependencies
Result: NOTE
  Package suggested but not available for checking: 'doMC'
Flavor: r-oldrel-windows-x86_64