Last updated on 2025-10-31 00:51:04 CET.
| Flavor | Version | Tinstall | Tcheck | Ttotal | Status | Flags | 
|---|---|---|---|---|---|---|
| r-devel-linux-x86_64-debian-clang | 2.0.1 | 8.14 | 99.50 | 107.64 | NOTE | |
| r-devel-linux-x86_64-debian-gcc | 2.0.1 | 5.54 | 69.29 | 74.83 | NOTE | |
| r-devel-linux-x86_64-fedora-clang | 2.0.1 | 18.00 | 140.07 | 158.07 | OK | |
| r-devel-linux-x86_64-fedora-gcc | 2.0.1 | 15.00 | 155.93 | 170.93 | OK | |
| r-devel-windows-x86_64 | 2.0.1 | 8.00 | 111.00 | 119.00 | OK | |
| r-patched-linux-x86_64 | 2.0.1 | 6.58 | 93.85 | 100.43 | OK | |
| r-release-linux-x86_64 | 2.0.1 | 6.91 | 93.71 | 100.62 | OK | |
| r-release-macos-arm64 | 2.0.1 | 4.00 | 58.00 | 62.00 | OK | |
| r-release-macos-x86_64 | 2.0.1 | 6.00 | 92.00 | 98.00 | OK | |
| r-release-windows-x86_64 | 2.0.1 | 8.00 | 111.00 | 119.00 | OK | |
| r-oldrel-macos-arm64 | 2.0.1 | 3.00 | 47.00 | 50.00 | OK | |
| r-oldrel-macos-x86_64 | 2.0.1 | 5.00 | 79.00 | 84.00 | OK | |
| r-oldrel-windows-x86_64 | 2.0.1 | 11.00 | 137.00 | 148.00 | OK | 
Version: 2.0.1
Check: CRAN incoming feasibility
Result: NOTE
  Maintainer: ‘Dandi Qiao <redaq@channing.harvard.edu>’
  
  No Authors@R field in DESCRIPTION.
  Please add one, modifying
    Authors@R: c(person(given = "Dandi",
                        family = "Qiao",
                        role = c("aut", "cre"),
                        email = "redaq@channing.harvard.edu"),
                 person(given = c("Michael", "H."),
                        family = "Cho",
                        role = "aut"))
  as necessary.
Flavors: r-devel-linux-x86_64-debian-clang, r-devel-linux-x86_64-debian-gcc