Last updated on 2024-06-16 01:49:27 CEST.
Flavor | Version | Tinstall | Tcheck | Ttotal | Status | Flags |
---|---|---|---|---|---|---|
r-devel-linux-x86_64-debian-clang | 0.2 | 19.40 | 177.21 | 196.61 | NOTE | |
r-devel-linux-x86_64-debian-gcc | 0.2 | 16.10 | 127.62 | 143.72 | NOTE | |
r-devel-linux-x86_64-fedora-clang | 0.2 | 242.49 | NOTE | |||
r-devel-linux-x86_64-fedora-gcc | 0.2 | 240.96 | NOTE | |||
r-devel-windows-x86_64 | 0.2 | 15.00 | 176.00 | 191.00 | NOTE | |
r-patched-linux-x86_64 | 0.2 | 18.18 | 167.83 | 186.01 | NOTE | |
r-release-linux-x86_64 | 0.2 | 17.64 | 173.48 | 191.12 | NOTE | |
r-release-macos-arm64 | 0.2 | 68.00 | NOTE | |||
r-release-macos-x86_64 | 0.2 | 120.00 | NOTE | |||
r-release-windows-x86_64 | 0.2 | 14.00 | 177.00 | 191.00 | NOTE | |
r-oldrel-macos-arm64 | 0.2 | 71.00 | NOTE | |||
r-oldrel-macos-x86_64 | 0.2 | 121.00 | NOTE | |||
r-oldrel-windows-x86_64 | 0.2 | 16.00 | 194.00 | 210.00 | NOTE |
Version: 0.2
Check: LazyData
Result: NOTE
'LazyData' is specified without a 'data' directory
Flavors: r-devel-linux-x86_64-debian-clang, r-devel-linux-x86_64-debian-gcc, r-devel-linux-x86_64-fedora-clang, r-devel-linux-x86_64-fedora-gcc, r-devel-windows-x86_64, r-patched-linux-x86_64, r-release-linux-x86_64, r-release-macos-arm64, r-release-macos-x86_64, r-release-windows-x86_64, r-oldrel-macos-arm64, r-oldrel-macos-x86_64, r-oldrel-windows-x86_64