Last updated on 2025-02-22 00:49:45 CET.
Flavor | Version | Tinstall | Tcheck | Ttotal | Status | Flags |
---|---|---|---|---|---|---|
r-devel-linux-x86_64-debian-clang | 2.3.2 | 7.77 | 62.56 | 70.33 | NOTE | |
r-devel-linux-x86_64-debian-gcc | 2.3.2 | 4.11 | 41.51 | 45.62 | NOTE | |
r-devel-linux-x86_64-fedora-clang | 2.3.2 | 111.90 | NOTE | |||
r-devel-linux-x86_64-fedora-gcc | 2.3.2 | 105.36 | NOTE | |||
r-devel-macos-arm64 | 2.3.2 | 33.00 | NOTE | |||
r-devel-macos-x86_64 | 2.3.2 | 57.00 | NOTE | |||
r-devel-windows-x86_64 | 2.3.2 | 10.00 | 82.00 | 92.00 | NOTE | |
r-patched-linux-x86_64 | 2.3.2 | 9.73 | 58.78 | 68.51 | NOTE | |
r-release-linux-x86_64 | 2.3.2 | 8.03 | 57.82 | 65.85 | NOTE | |
r-release-macos-arm64 | 2.3.2 | 30.00 | NOTE | |||
r-release-macos-x86_64 | 2.3.2 | 50.00 | NOTE | |||
r-release-windows-x86_64 | 2.3.2 | 10.00 | 80.00 | 90.00 | NOTE | |
r-oldrel-macos-arm64 | 2.3.2 | 31.00 | OK | |||
r-oldrel-macos-x86_64 | 2.3.2 | 52.00 | OK | |||
r-oldrel-windows-x86_64 | 2.3.2 | 13.00 | 91.00 | 104.00 | OK |
Version: 2.3.2
Check: Rd files
Result: NOTE
checkRd: (-1) genmf.Rd:26: Lost braces; missing escapes or markup?
26 | \item 'gbellmf' is c(\code{a, b, c}), where \code{a} denotes the width, \code{b} is usually positive and {c} locates the center of the curve.
| ^
Flavors: r-devel-linux-x86_64-debian-clang, r-devel-linux-x86_64-debian-gcc, r-devel-linux-x86_64-fedora-clang, r-devel-linux-x86_64-fedora-gcc, r-devel-macos-arm64, r-devel-macos-x86_64, r-devel-windows-x86_64, r-patched-linux-x86_64, r-release-linux-x86_64, r-release-macos-arm64, r-release-macos-x86_64, r-release-windows-x86_64