Last updated on 2025-10-31 00:51:03 CET.
| Flavor | Version | Tinstall | Tcheck | Ttotal | Status | Flags | 
|---|---|---|---|---|---|---|
| r-devel-linux-x86_64-debian-clang | 1.0.0 | 1.80 | 27.75 | 29.55 | OK | |
| r-devel-linux-x86_64-debian-gcc | 1.0.0 | 1.51 | 21.30 | 22.81 | OK | |
| r-devel-linux-x86_64-fedora-clang | 1.0.0 | 44.88 | NOTE | |||
| r-devel-linux-x86_64-fedora-gcc | 1.0.0 | 44.16 | NOTE | |||
| r-devel-windows-x86_64 | 1.0.0 | 3.00 | 46.00 | 49.00 | OK | |
| r-patched-linux-x86_64 | 1.0.0 | 1.87 | 26.41 | 28.28 | OK | |
| r-release-linux-x86_64 | 1.0.0 | 1.75 | 26.22 | 27.97 | OK | |
| r-release-macos-arm64 | 1.0.0 | 1.00 | 19.00 | 20.00 | OK | |
| r-release-macos-x86_64 | 1.0.0 | 2.00 | 33.00 | 35.00 | OK | |
| r-release-windows-x86_64 | 1.0.0 | 3.00 | 47.00 | 50.00 | OK | |
| r-oldrel-macos-arm64 | 1.0.0 | 1.00 | 16.00 | 17.00 | OK | |
| r-oldrel-macos-x86_64 | 1.0.0 | 2.00 | 23.00 | 25.00 | OK | |
| r-oldrel-windows-x86_64 | 1.0.0 | 3.00 | 54.00 | 57.00 | OK | 
Version: 1.0.0
Check: dependencies in R code
Result: NOTE
  Namespace in Imports field not imported from: ‘psych’
    All declared Imports should be used.
Flavors: r-devel-linux-x86_64-fedora-clang, r-devel-linux-x86_64-fedora-gcc