Last updated on 2025-10-31 00:51:03 CET.
| Flavor | Version | Tinstall | Tcheck | Ttotal | Status | Flags | 
|---|---|---|---|---|---|---|
| r-devel-linux-x86_64-debian-clang | 1.1.2 | 9.19 | 67.42 | 76.61 | OK | |
| r-devel-linux-x86_64-debian-gcc | 1.1.2 | 6.02 | 50.95 | 56.97 | OK | |
| r-devel-linux-x86_64-fedora-clang | 1.1.2 | 23.00 | 93.08 | 116.08 | NOTE | |
| r-devel-linux-x86_64-fedora-gcc | 1.1.2 | 20.00 | 117.18 | 137.18 | NOTE | |
| r-devel-windows-x86_64 | 1.1.2 | 10.00 | 76.00 | 86.00 | OK | |
| r-patched-linux-x86_64 | 1.1.2 | 7.48 | 64.63 | 72.11 | OK | |
| r-release-linux-x86_64 | 1.1.2 | 7.77 | 64.68 | 72.45 | OK | |
| r-release-macos-arm64 | 1.1.2 | 3.00 | 36.00 | 39.00 | OK | |
| r-release-macos-x86_64 | 1.1.2 | 5.00 | 63.00 | 68.00 | OK | |
| r-release-windows-x86_64 | 1.1.2 | 10.00 | 79.00 | 89.00 | OK | |
| r-oldrel-macos-arm64 | 1.1.2 | 2.00 | 28.00 | 30.00 | OK | |
| r-oldrel-macos-x86_64 | 1.1.2 | 3.00 | 40.00 | 43.00 | OK | |
| r-oldrel-windows-x86_64 | 1.1.2 | 13.00 | 95.00 | 108.00 | OK | 
Version: 1.1.2
Check: dependencies in R code
Result: NOTE
  Namespaces in Imports field not imported from:
    ‘TreeSim’ ‘shinyjs’
    All declared Imports should be used.
Flavors: r-devel-linux-x86_64-fedora-clang, r-devel-linux-x86_64-fedora-gcc