Last updated on 2024-06-05 01:47:50 CEST.
Flavor | Version | Tinstall | Tcheck | Ttotal | Status | Flags |
---|---|---|---|---|---|---|
r-devel-linux-x86_64-debian-clang | 0.1.1 | 7.57 | 55.03 | 62.60 | NOTE | |
r-devel-linux-x86_64-debian-gcc | 0.1.1 | 6.92 | 38.25 | 45.17 | NOTE | |
r-devel-linux-x86_64-fedora-clang | 0.1.1 | 75.96 | NOTE | |||
r-devel-linux-x86_64-fedora-gcc | 0.1.1 | 71.97 | NOTE | |||
r-devel-windows-x86_64 | 0.1.1 | 8.00 | 57.00 | 65.00 | NOTE | |
r-patched-linux-x86_64 | 0.1.1 | 8.45 | 49.66 | 58.11 | NOTE | |
r-release-linux-x86_64 | 0.1.1 | 10.02 | 50.34 | 60.36 | NOTE | |
r-release-macos-arm64 | 0.1.1 | 22.00 | NOTE | |||
r-release-windows-x86_64 | 0.1.1 | 8.00 | 57.00 | 65.00 | NOTE | |
r-oldrel-macos-arm64 | 0.1.1 | 22.00 | NOTE | |||
r-oldrel-macos-x86_64 | 0.1.1 | 36.00 | NOTE | |||
r-oldrel-windows-x86_64 | 0.1.1 | 12.00 | 64.00 | 76.00 | NOTE |
Version: 0.1.1
Check: LazyData
Result: NOTE
'LazyData' is specified without a 'data' directory
Flavors: r-devel-linux-x86_64-debian-clang, r-devel-linux-x86_64-debian-gcc, r-devel-linux-x86_64-fedora-clang, r-devel-linux-x86_64-fedora-gcc, r-devel-windows-x86_64, r-patched-linux-x86_64, r-release-linux-x86_64, r-release-macos-arm64, r-release-windows-x86_64, r-oldrel-macos-arm64, r-oldrel-macos-x86_64, r-oldrel-windows-x86_64