Last updated on 2025-10-31 00:51:03 CET.
| Flavor | Version | Tinstall | Tcheck | Ttotal | Status | Flags | 
|---|---|---|---|---|---|---|
| r-devel-linux-x86_64-debian-clang | 0.2.2 | 10.47 | 172.35 | 182.82 | NOTE | |
| r-devel-linux-x86_64-debian-gcc | 0.2.2 | 7.27 | 126.03 | 133.30 | NOTE | |
| r-devel-linux-x86_64-fedora-clang | 0.2.2 | 48.00 | 228.54 | 276.54 | OK | |
| r-devel-linux-x86_64-fedora-gcc | 0.2.2 | 57.00 | 233.83 | 290.83 | OK | |
| r-devel-windows-x86_64 | 0.2.2 | 11.00 | 147.00 | 158.00 | OK | |
| r-patched-linux-x86_64 | 0.2.2 | 9.62 | 157.26 | 166.88 | OK | |
| r-release-linux-x86_64 | 0.2.2 | 9.24 | 163.96 | 173.20 | OK | |
| r-release-macos-arm64 | 0.2.2 | 5.00 | 81.00 | 86.00 | OK | |
| r-release-macos-x86_64 | 0.2.2 | 9.00 | 172.00 | 181.00 | OK | |
| r-release-windows-x86_64 | 0.2.2 | 11.00 | 147.00 | 158.00 | OK | |
| r-oldrel-macos-arm64 | 0.2.2 | 5.00 | 73.00 | 78.00 | OK | |
| r-oldrel-macos-x86_64 | 0.2.2 | 7.00 | 138.00 | 145.00 | OK | |
| r-oldrel-windows-x86_64 | 0.2.2 | 15.00 | 183.00 | 198.00 | OK | 
Version: 0.2.2
Check: CRAN incoming feasibility
Result: NOTE
  Maintainer: ‘Dominic Grün <dominic.gruen@gmail.com>’
  
  No Authors@R field in DESCRIPTION.
  Please add one, modifying
    Authors@R: person(given = "Dominic",
                      family = "Grün",
                      role = c("aut", "cre"),
                      email = "dominic.gruen@gmail.com")
  as necessary.
Flavors: r-devel-linux-x86_64-debian-clang, r-devel-linux-x86_64-debian-gcc