Last updated on 2025-10-31 00:51:03 CET.
| Flavor | Version | Tinstall | Tcheck | Ttotal | Status | Flags | 
|---|---|---|---|---|---|---|
| r-devel-linux-x86_64-debian-clang | 2.4 | 1.83 | 22.36 | 24.19 | NOTE | |
| r-devel-linux-x86_64-debian-gcc | 2.4 | 1.65 | 18.88 | 20.53 | NOTE | |
| r-devel-linux-x86_64-fedora-clang | 2.4 | 35.71 | OK | |||
| r-devel-linux-x86_64-fedora-gcc | 2.4 | 33.89 | OK | |||
| r-devel-windows-x86_64 | 2.4 | 3.00 | 41.00 | 44.00 | OK | |
| r-patched-linux-x86_64 | 2.4 | 2.24 | 20.89 | 23.13 | OK | |
| r-release-linux-x86_64 | 2.4 | 1.89 | 20.73 | 22.62 | OK | |
| r-release-macos-arm64 | 2.4 | 1.00 | 15.00 | 16.00 | OK | |
| r-release-macos-x86_64 | 2.4 | 2.00 | 22.00 | 24.00 | OK | |
| r-release-windows-x86_64 | 2.4 | 3.00 | 42.00 | 45.00 | OK | |
| r-oldrel-macos-arm64 | 2.4 | 1.00 | 13.00 | 14.00 | OK | |
| r-oldrel-macos-x86_64 | 2.4 | 2.00 | 19.00 | 21.00 | OK | |
| r-oldrel-windows-x86_64 | 2.4 | 3.00 | 41.00 | 44.00 | OK | 
Version: 2.4
Check: CRAN incoming feasibility
Result: NOTE
  Maintainer: ‘Thomas Petzoldt <thomas.petzoldt@tu-dresden.de>’
  
  No Authors@R field in DESCRIPTION.
  Please add one, modifying
    Authors@R: c(person(given = "Francois",
                        family = "Aucoin",
                        role = "aut"),
                 person(given = "Thomas",
                        family = "Petzoldt",
                        role = "cre",
                        email = "thomas.petzoldt@tu-dresden.de"))
  as necessary.
Flavors: r-devel-linux-x86_64-debian-clang, r-devel-linux-x86_64-debian-gcc