Last updated on 2025-10-31 00:51:02 CET.
| Flavor | Version | Tinstall | Tcheck | Ttotal | Status | Flags | 
|---|---|---|---|---|---|---|
| r-devel-linux-x86_64-debian-clang | 0.3.1 | 15.93 | 110.03 | 125.96 | NOTE | |
| r-devel-linux-x86_64-debian-gcc | 0.3.1 | 10.66 | 79.97 | 90.63 | NOTE | |
| r-devel-linux-x86_64-fedora-clang | 0.3.1 | 34.00 | 158.94 | 192.94 | OK | |
| r-devel-linux-x86_64-fedora-gcc | 0.3.1 | 34.00 | 149.26 | 183.26 | OK | |
| r-devel-windows-x86_64 | 0.3.1 | 15.00 | 101.00 | 116.00 | OK | |
| r-patched-linux-x86_64 | 0.3.1 | 15.09 | 100.68 | 115.77 | OK | |
| r-release-linux-x86_64 | 0.3.1 | 13.39 | 100.74 | 114.13 | OK | |
| r-release-macos-arm64 | 0.3.1 | 6.00 | 46.00 | 52.00 | OK | |
| r-release-macos-x86_64 | 0.3.1 | 11.00 | 80.00 | 91.00 | OK | |
| r-release-windows-x86_64 | 0.3.1 | 16.00 | 109.00 | 125.00 | OK | |
| r-oldrel-macos-arm64 | 0.3.1 | 6.00 | 43.00 | 49.00 | NOTE | |
| r-oldrel-macos-x86_64 | 0.3.1 | 8.00 | 61.00 | 69.00 | NOTE | |
| r-oldrel-windows-x86_64 | 0.3.1 | 21.00 | 153.00 | 174.00 | NOTE | 
Version: 0.3.1
Check: CRAN incoming feasibility
Result: NOTE
  Maintainer: ‘Giulio Costantini <giulio.costantini@unimib.it>’
  
  No Authors@R field in DESCRIPTION.
  Please add one, modifying
    Authors@R: c(person(given = "Giulio",
                        family = "Costantini",
                        role = c("aut", "cre"),
                        email = "giulio.costantini@unimib.it"),
                 person(given = "Nils",
                        family = "Kappelmann",
                        role = "aut"),
                 person(given = "Sacha",
                        family = "Epskamp",
                        role = "aut"))
  as necessary.
  
  Package CITATION file contains call(s) to old-style personList() or
  as.personList().  Please use c() on person objects instead.
  Package CITATION file contains call(s) to old-style citEntry().  Please
  use bibentry() instead.
Flavors: r-devel-linux-x86_64-debian-clang, r-devel-linux-x86_64-debian-gcc
Version: 0.3.1
Check: LazyData
Result: NOTE
    'LazyData' is specified without a 'data' directory
Flavors: r-oldrel-macos-arm64, r-oldrel-macos-x86_64, r-oldrel-windows-x86_64