CRAN Package Check Results for Package EpistemicGameTheory

Last updated on 2025-02-22 00:49:44 CET.

Flavor Version Tinstall Tcheck Ttotal Status Flags
r-devel-linux-x86_64-debian-clang 0.1.2 2.47 20.04 22.51 OK
r-devel-linux-x86_64-debian-gcc 0.1.2 1.91 15.57 17.48 OK
r-devel-linux-x86_64-fedora-clang 0.1.2 36.53 OK
r-devel-linux-x86_64-fedora-gcc 0.1.2 35.22 OK
r-devel-macos-arm64 0.1.2 13.00 OK
r-devel-macos-x86_64 0.1.2 25.00 OK
r-devel-windows-x86_64 0.1.2 3.00 40.00 43.00 OK
r-patched-linux-x86_64 0.1.2 2.81 18.76 21.57 NOTE
r-release-linux-x86_64 0.1.2 2.38 18.67 21.05 NOTE
r-release-macos-arm64 0.1.2 15.00 NOTE
r-release-macos-x86_64 0.1.2 23.00 NOTE
r-release-windows-x86_64 0.1.2 4.00 39.00 43.00 NOTE
r-oldrel-macos-arm64 0.1.2 16.00 NOTE
r-oldrel-macos-x86_64 0.1.2 22.00 NOTE
r-oldrel-windows-x86_64 0.1.2 4.00 47.00 51.00 NOTE

Check Details

Version: 0.1.2
Check: LazyData
Result: NOTE 'LazyData' is specified without a 'data' directory Flavors: r-patched-linux-x86_64, r-release-linux-x86_64, r-release-macos-arm64, r-release-macos-x86_64, r-release-windows-x86_64, r-oldrel-macos-arm64, r-oldrel-macos-x86_64, r-oldrel-windows-x86_64