Last updated on 2025-02-22 00:49:44 CET.
Flavor | Version | Tinstall | Tcheck | Ttotal | Status | Flags |
---|---|---|---|---|---|---|
r-devel-linux-x86_64-debian-clang | 1.7.1 | 712.25 | 248.76 | 961.01 | OK | |
r-devel-linux-x86_64-debian-gcc | 1.7.1 | 675.50 | 224.50 | 900.00 | OK | |
r-devel-linux-x86_64-fedora-clang | 1.7.1 | 1555.21 | OK | |||
r-devel-linux-x86_64-fedora-gcc | 1.7.1 | 2158.14 | OK | |||
r-devel-macos-arm64 | 1.7.0 | 238.00 | OK | |||
r-devel-macos-x86_64 | 1.7.1 | 433.00 | OK | |||
r-devel-windows-x86_64 | 1.7.0 | 695.00 | 342.00 | 1037.00 | OK | |
r-patched-linux-x86_64 | 1.7.0 | 913.53 | 304.49 | 1218.02 | NOTE | |
r-release-linux-x86_64 | 1.7.0 | 907.84 | 303.33 | 1211.17 | NOTE | |
r-release-macos-arm64 | 1.7.0 | 343.00 | NOTE | |||
r-release-macos-x86_64 | 1.7.1 | 448.00 | NOTE | |||
r-release-windows-x86_64 | 1.7.1 | 530.00 | 345.00 | 875.00 | NOTE | |
r-oldrel-macos-arm64 | 1.6.1 | 387.00 | NOTE | |||
r-oldrel-macos-x86_64 | 1.7.1 | 489.00 | NOTE | |||
r-oldrel-windows-x86_64 | 1.7.1 | 579.00 | 401.00 | 980.00 | NOTE |
Version: 1.7.0
Check: package dependencies
Result: NOTE
Package suggested but not available for checking: ‘cmdstanr’
Flavors: r-patched-linux-x86_64, r-release-linux-x86_64, r-release-macos-arm64
Version: 1.7.0
Check: Rd cross-references
Result: NOTE
Package unavailable to check Rd xrefs: ‘cmdstanr’
Flavors: r-patched-linux-x86_64, r-release-linux-x86_64, r-release-macos-arm64
Version: 1.7.0
Check: for GNU extensions in Makefiles
Result: NOTE
GNU make is a SystemRequirements.
Flavors: r-patched-linux-x86_64, r-release-linux-x86_64, r-release-macos-arm64
Version: 1.7.0
Check: installed package size
Result: NOTE
installed size is 147.3Mb
sub-directories of 1Mb or more:
doc 1.5Mb
libs 143.3Mb
Flavor: r-release-macos-arm64
Version: 1.7.1
Check: package dependencies
Result: NOTE
Package suggested but not available for checking: ‘cmdstanr’
Flavors: r-release-macos-x86_64, r-release-windows-x86_64, r-oldrel-macos-x86_64, r-oldrel-windows-x86_64
Version: 1.7.1
Check: installed package size
Result: NOTE
installed size is 149.5Mb
sub-directories of 1Mb or more:
doc 1.5Mb
libs 145.6Mb
Flavors: r-release-macos-x86_64, r-release-windows-x86_64, r-oldrel-macos-x86_64, r-oldrel-windows-x86_64
Version: 1.7.1
Check: Rd cross-references
Result: NOTE
Package unavailable to check Rd xrefs: ‘cmdstanr’
Flavors: r-release-macos-x86_64, r-release-windows-x86_64, r-oldrel-macos-x86_64, r-oldrel-windows-x86_64
Version: 1.7.1
Check: for GNU extensions in Makefiles
Result: NOTE
GNU make is a SystemRequirements.
Flavors: r-release-macos-x86_64, r-release-windows-x86_64, r-oldrel-macos-x86_64, r-oldrel-windows-x86_64
Version: 1.6.1
Check: package dependencies
Result: NOTE
Package suggested but not available for checking: ‘cmdstanr’
Flavor: r-oldrel-macos-arm64
Version: 1.6.1
Check: installed package size
Result: NOTE
installed size is 138.6Mb
sub-directories of 1Mb or more:
doc 1.3Mb
extdata 2.3Mb
libs 133.4Mb
Flavor: r-oldrel-macos-arm64
Version: 1.6.1
Check: Rd cross-references
Result: NOTE
Package unavailable to check Rd xrefs: ‘cmdstanr’
Flavor: r-oldrel-macos-arm64
Version: 1.6.1
Check: for GNU extensions in Makefiles
Result: NOTE
GNU make is a SystemRequirements.
Flavor: r-oldrel-macos-arm64