Last updated on 2025-10-31 00:51:02 CET.
| Flavor | Version | Tinstall | Tcheck | Ttotal | Status | Flags | 
|---|---|---|---|---|---|---|
| r-devel-linux-x86_64-debian-clang | 1.1.2 | 1680.79 | 288.28 | 1969.07 | OK | |
| r-devel-linux-x86_64-debian-gcc | 1.1.2 | 1360.96 | 308.25 | 1669.21 | OK | |
| r-devel-linux-x86_64-fedora-clang | 1.1.2 | 2880.00 | -188.43 | 2691.57 | NOTE | |
| r-devel-linux-x86_64-fedora-gcc | 1.1.2 | 5160.00 | -1077.14 | 4082.86 | NOTE | |
| r-devel-windows-x86_64 | 1.1.2 | 1649.00 | 416.00 | 2065.00 | OK | |
| r-patched-linux-x86_64 | 1.1.2 | 1932.90 | 413.07 | 2345.97 | OK | |
| r-release-linux-x86_64 | 1.1.2 | 1949.13 | 412.08 | 2361.21 | OK | |
| r-release-macos-arm64 | 1.1.2 | 660.00 | 72.00 | 732.00 | OK | |
| r-release-macos-x86_64 | 1.1.2 | 368.00 | 107.00 | 475.00 | OK | |
| r-release-windows-x86_64 | 1.1.2 | 1632.00 | 420.00 | 2052.00 | OK | |
| r-oldrel-macos-arm64 | 1.1.2 | 432.00 | 60.00 | 492.00 | NOTE | |
| r-oldrel-macos-x86_64 | 1.1.2 | 458.00 | 111.00 | 569.00 | NOTE | |
| r-oldrel-windows-x86_64 | 1.1.2 | 1893.00 | 522.00 | 2415.00 | NOTE | 
Version: 1.1.2
Check: dependencies in R code
Result: NOTE
  Namespaces in Imports field not imported from:
    ‘RcppParallel’ ‘rstantools’
    All declared Imports should be used.
Flavors: r-devel-linux-x86_64-fedora-clang, r-devel-linux-x86_64-fedora-gcc
Version: 1.1.2
Check: installed package size
Result: NOTE
    installed size is 224.4Mb
    sub-directories of 1Mb or more:
      doc     3.5Mb
      libs  219.9Mb
Flavors: r-oldrel-macos-arm64, r-oldrel-macos-x86_64, r-oldrel-windows-x86_64
Version: 1.1.2
Check: for GNU extensions in Makefiles
Result: NOTE
  GNU make is a SystemRequirements.
Flavors: r-oldrel-macos-arm64, r-oldrel-macos-x86_64