Last updated on 2025-10-31 00:51:01 CET.
| Flavor | Version | Tinstall | Tcheck | Ttotal | Status | Flags | 
|---|---|---|---|---|---|---|
| r-devel-linux-x86_64-debian-clang | 1.0 | 5.29 | 36.42 | 41.71 | NOTE | |
| r-devel-linux-x86_64-debian-gcc | 1.0 | 3.58 | 25.79 | 29.37 | NOTE | |
| r-devel-linux-x86_64-fedora-clang | 1.0 | 13.00 | 51.48 | 64.48 | OK | |
| r-devel-linux-x86_64-fedora-gcc | 1.0 | 11.00 | 49.26 | 60.26 | OK | |
| r-devel-windows-x86_64 | 1.0 | 7.00 | 48.00 | 55.00 | OK | |
| r-patched-linux-x86_64 | 1.0 | 5.64 | 34.23 | 39.87 | OK | |
| r-release-linux-x86_64 | 1.0 | 4.79 | 34.34 | 39.13 | OK | |
| r-release-macos-arm64 | 1.0 | 3.00 | 19.00 | 22.00 | OK | |
| r-release-macos-x86_64 | 1.0 | 8.00 | 34.00 | 42.00 | OK | |
| r-release-windows-x86_64 | 1.0 | 7.00 | 51.00 | 58.00 | OK | |
| r-oldrel-macos-arm64 | 1.0 | 2.00 | 19.00 | 21.00 | OK | |
| r-oldrel-macos-x86_64 | 1.0 | 4.00 | 26.00 | 30.00 | OK | |
| r-oldrel-windows-x86_64 | 1.0 | 8.00 | 58.00 | 66.00 | OK | 
Version: 1.0
Check: CRAN incoming feasibility
Result: NOTE
  Maintainer: ‘Harry Joo <harryjoo19@gmail.com>’
  
  No Authors@R field in DESCRIPTION.
  Please add one, modifying
    Authors@R: c(person(given = "Harry",
                        family = "Joo",
                        role = c("aut", "cre"),
                        email = "harryjoo19@gmail.com"),
                 person(given = "Herman",
                        family = "Aguinis",
                        role = c("aut", "dtc")),
                 person(given = c("Kyle", "J."),
                        family = "Bradley",
                        role = "aut"),
                 person(given = "Takuya",
                        family = "Noguchi",
                        role = "ctb"))
  as necessary.
  
  Package CITATION file contains call(s) to old-style personList() or
  as.personList().  Please use c() on person objects instead.
  Package CITATION file contains call(s) to old-style citEntry().  Please
  use bibentry() instead.
Flavors: r-devel-linux-x86_64-debian-clang, r-devel-linux-x86_64-debian-gcc