Last updated on 2025-10-31 00:51:01 CET.
| Flavor | Version | Tinstall | Tcheck | Ttotal | Status | Flags | 
|---|---|---|---|---|---|---|
| r-devel-linux-x86_64-debian-clang | 1.1 | 7.21 | 63.20 | 70.41 | NOTE | |
| r-devel-linux-x86_64-debian-gcc | 1.1 | 5.30 | 47.04 | 52.34 | NOTE | |
| r-devel-linux-x86_64-fedora-clang | 1.1 | 15.00 | 92.56 | 107.56 | OK | |
| r-devel-linux-x86_64-fedora-gcc | 1.1 | 14.00 | 88.92 | 102.92 | OK | |
| r-devel-windows-x86_64 | 1.1 | 8.00 | 73.00 | 81.00 | OK | |
| r-patched-linux-x86_64 | 1.1 | 6.19 | 60.78 | 66.97 | OK | |
| r-release-linux-x86_64 | 1.1 | 7.32 | 60.27 | 67.59 | OK | |
| r-release-macos-arm64 | 1.1 | 3.00 | 32.00 | 35.00 | OK | |
| r-release-macos-x86_64 | 1.1 | 8.00 | 55.00 | 63.00 | OK | |
| r-release-windows-x86_64 | 1.1 | 8.00 | 76.00 | 84.00 | OK | |
| r-oldrel-macos-arm64 | 1.1 | 3.00 | 29.00 | 32.00 | OK | |
| r-oldrel-macos-x86_64 | 1.1 | 5.00 | 44.00 | 49.00 | OK | |
| r-oldrel-windows-x86_64 | 1.1 | 11.00 | 91.00 | 102.00 | OK | 
Version: 1.1
Check: CRAN incoming feasibility
Result: NOTE
  Maintainer: ‘Mary C Meyer <meyer@stat.colostate.edu>’
  
  No Authors@R field in DESCRIPTION.
  Please add one, modifying
    Authors@R: c(person(given = c("Mary", "C"),
                        family = "Meyer",
                        role = c("aut", "cre"),
                        email = "meyer@stat.colostate.edu"),
                 person(given = "Bodhisattva",
                        family = "Sen",
                        role = "aut"))
  as necessary.
  
  Found the following (possibly) invalid file URI:
    URI: www.kentuckyderby.com
      From: man/derby.Rd
Flavors: r-devel-linux-x86_64-debian-clang, r-devel-linux-x86_64-debian-gcc