Last updated on 2025-10-31 00:51:01 CET.
| Flavor | Version | Tinstall | Tcheck | Ttotal | Status | Flags | 
|---|---|---|---|---|---|---|
| r-devel-linux-x86_64-debian-clang | 1.1.1 | 1.89 | 22.34 | 24.23 | NOTE | |
| r-devel-linux-x86_64-debian-gcc | 1.1.1 | 1.59 | 17.64 | 19.23 | NOTE | |
| r-devel-linux-x86_64-fedora-clang | 1.1.1 | 35.17 | OK | |||
| r-devel-linux-x86_64-fedora-gcc | 1.1.1 | 34.38 | OK | |||
| r-devel-windows-x86_64 | 1.1.1 | 4.00 | 38.00 | 42.00 | OK | |
| r-patched-linux-x86_64 | 1.1.1 | 2.24 | 20.78 | 23.02 | OK | |
| r-release-linux-x86_64 | 1.1.1 | 1.50 | 20.97 | 22.47 | OK | |
| r-release-macos-arm64 | 1.1.1 | 1.00 | 14.00 | 15.00 | OK | |
| r-release-macos-x86_64 | 1.1.1 | 2.00 | 22.00 | 24.00 | OK | |
| r-release-windows-x86_64 | 1.1.1 | 3.00 | 40.00 | 43.00 | OK | |
| r-oldrel-macos-arm64 | 1.1.1 | 1.00 | 13.00 | 14.00 | OK | |
| r-oldrel-macos-x86_64 | 1.1.1 | 2.00 | 18.00 | 20.00 | OK | |
| r-oldrel-windows-x86_64 | 1.1.1 | 3.00 | 39.00 | 42.00 | OK | 
Version: 1.1.1
Check: CRAN incoming feasibility
Result: NOTE
  Maintainer: ‘Alessandro Barbiero <alessandro.barbiero@unimi.it>’
  
  No Authors@R field in DESCRIPTION.
  Please add one, modifying
    Authors@R: c(person(given = "Alessandro",
                        family = "Barbiero",
                        role = c("aut", "cre"),
                        email = "alessandro.barbiero@unimi.it"),
                 person(given = "Riccardo",
                        family = "Inchingolo",
                        role = "aut",
                        email = "dott.inchingolo_r@libero.it"))
  as necessary.
  
  Found the following \keyword or \concept entries
  which likely give several index terms:
    File ‘estdlaplace2.Rd’:
      \keyword{distribution,htest}
    File ‘iFI.Rd’:
      \keyword{distribution,htest}
    File ‘iFI2.Rd’:
      \keyword{distribution,htest}
  
  Found the following URLs which should use \doi (with the DOI name only):
    File ‘DiscreteLaplace-package.Rd’:
      http://dx.doi.org/10.1007/s10463-005-0029-1
      http://dx.doi.org/10.1016/j.stamet.2013.07.002
Flavors: r-devel-linux-x86_64-debian-clang, r-devel-linux-x86_64-debian-gcc