Last updated on 2024-08-25 01:49:05 CEST.
Flavor | Version | Tinstall | Tcheck | Ttotal | Status | Flags |
---|---|---|---|---|---|---|
r-devel-linux-x86_64-debian-clang | 2.1.16 | 12.09 | 175.82 | 187.91 | NOTE | |
r-devel-linux-x86_64-debian-gcc | 2.1.16 | 8.15 | 120.02 | 128.17 | NOTE | |
r-devel-linux-x86_64-fedora-clang | 2.1.16 | 309.61 | NOTE | |||
r-devel-linux-x86_64-fedora-gcc | 2.1.16 | 321.67 | NOTE | |||
r-devel-windows-x86_64 | 2.1.16 | 14.00 | 196.00 | 210.00 | NOTE | |
r-patched-linux-x86_64 | 2.1.16 | 11.64 | 167.86 | 179.50 | NOTE | |
r-release-linux-x86_64 | 2.1.16 | 10.72 | 168.21 | 178.93 | NOTE | |
r-release-macos-arm64 | 2.1.16 | 91.00 | NOTE | |||
r-release-macos-x86_64 | 2.1.16 | 180.00 | NOTE | |||
r-release-windows-x86_64 | 2.1.16 | 14.00 | 189.00 | 203.00 | NOTE | |
r-oldrel-macos-arm64 | 2.1.16 | 97.00 | NOTE | |||
r-oldrel-macos-x86_64 | 2.1.16 | 187.00 | NOTE | |||
r-oldrel-windows-x86_64 | 2.1.16 | 19.00 | 243.00 | 262.00 | NOTE |
Version: 2.1.16
Check: dependencies in R code
Result: NOTE
There are ::: calls to the package's namespace in its code. A package
almost never needs to use ::: for its own objects:
‘.N’ ‘.Nmiss’ ‘.Q1’ ‘.Q3’ ‘.factorN’ ‘.factorNmiss’ ‘.factorQ1’
‘.factorQ3’ ‘.factormax’ ‘.factormean’ ‘.factormedian’ ‘.factormin’
‘.factorsd’ ‘.max’ ‘.mean’ ‘.median’ ‘.min’ ‘.sd’
Flavors: r-devel-linux-x86_64-debian-clang, r-devel-linux-x86_64-debian-gcc, r-devel-linux-x86_64-fedora-clang, r-devel-linux-x86_64-fedora-gcc, r-devel-windows-x86_64, r-patched-linux-x86_64, r-release-linux-x86_64, r-release-macos-arm64, r-release-macos-x86_64, r-release-windows-x86_64, r-oldrel-macos-arm64, r-oldrel-macos-x86_64, r-oldrel-windows-x86_64
Version: 2.1.16
Check: Rd files
Result: NOTE
checkRd: (-1) descr.Rd:136-137: Lost braces in \itemize; meant \describe ?
checkRd: (-1) descr.Rd:138: Lost braces in \itemize; meant \describe ?
checkRd: (-1) descr.Rd:139: Lost braces in \itemize; meant \describe ?
checkRd: (-1) descr.Rd:140-141: Lost braces in \itemize; meant \describe ?
checkRd: (-1) descr.Rd:142-143: Lost braces in \itemize; meant \describe ?
checkRd: (-1) descr.Rd:144: Lost braces in \itemize; meant \describe ?
checkRd: (-1) descr.Rd:145: Lost braces in \itemize; meant \describe ?
checkRd: (-1) descr.Rd:146-147: Lost braces in \itemize; meant \describe ?
checkRd: (-1) descr.Rd:148: Lost braces in \itemize; meant \describe ?
checkRd: (-1) descr.Rd:149: Lost braces in \itemize; meant \describe ?
checkRd: (-1) descr.Rd:150: Lost braces in \itemize; meant \describe ?
checkRd: (-1) descr.Rd:151-158: Lost braces in \itemize; meant \describe ?
checkRd: (-1) descr.Rd:154: Lost braces in \itemize; meant \describe ?
checkRd: (-1) descr.Rd:155: Lost braces in \itemize; meant \describe ?
checkRd: (-1) descr.Rd:156: Lost braces in \itemize; meant \describe ?
checkRd: (-1) descr.Rd:159: Lost braces in \itemize; meant \describe ?
checkRd: (-1) descr.Rd:160-173: Lost braces in \itemize; meant \describe ?
checkRd: (-1) descr.Rd:163: Lost braces in \itemize; meant \describe ?
checkRd: (-1) descr.Rd:164-166: Lost braces in \itemize; meant \describe ?
checkRd: (-1) descr.Rd:168-171: Lost braces in \itemize; meant \describe ?
checkRd: (-1) descr.Rd:174: Lost braces in \itemize; meant \describe ?
checkRd: (-1) descr.Rd:175-176: Lost braces in \itemize; meant \describe ?
checkRd: (-1) descr.Rd:177: Lost braces in \itemize; meant \describe ?
checkRd: (-1) descr.Rd:178: Lost braces in \itemize; meant \describe ?
checkRd: (-1) descr.Rd:208: Lost braces in \itemize; meant \describe ?
checkRd: (-1) descr.Rd:209: Lost braces in \itemize; meant \describe ?
checkRd: (-1) descr.Rd:210: Lost braces in \itemize; meant \describe ?
checkRd: (-1) descr.Rd:211: Lost braces in \itemize; meant \describe ?
checkRd: (-1) descr.Rd:212: Lost braces in \itemize; meant \describe ?
checkRd: (-1) descr.Rd:213: Lost braces in \itemize; meant \describe ?
checkRd: (-1) descr.Rd:214-233: Lost braces in \itemize; meant \describe ?
checkRd: (-1) descr.Rd:217: Lost braces in \itemize; meant \describe ?
checkRd: (-1) descr.Rd:218: Lost braces in \itemize; meant \describe ?
checkRd: (-1) descr.Rd:219: Lost braces in \itemize; meant \describe ?
checkRd: (-1) descr.Rd:220: Lost braces in \itemize; meant \describe ?
checkRd: (-1) descr.Rd:221: Lost braces in \itemize; meant \describe ?
checkRd: (-1) descr.Rd:222: Lost braces in \itemize; meant \describe ?
checkRd: (-1) descr.Rd:223: Lost braces in \itemize; meant \describe ?
checkRd: (-1) descr.Rd:224: Lost braces in \itemize; meant \describe ?
checkRd: (-1) descr.Rd:225: Lost braces in \itemize; meant \describe ?
checkRd: (-1) descr.Rd:226: Lost braces in \itemize; meant \describe ?
checkRd: (-1) descr.Rd:227: Lost braces in \itemize; meant \describe ?
checkRd: (-1) descr.Rd:228: Lost braces in \itemize; meant \describe ?
checkRd: (-1) descr.Rd:229: Lost braces in \itemize; meant \describe ?
checkRd: (-1) descr.Rd:230: Lost braces in \itemize; meant \describe ?
checkRd: (-1) descr.Rd:231: Lost braces in \itemize; meant \describe ?
Flavors: r-devel-linux-x86_64-debian-clang, r-devel-linux-x86_64-debian-gcc, r-devel-linux-x86_64-fedora-clang, r-devel-linux-x86_64-fedora-gcc, r-devel-windows-x86_64, r-patched-linux-x86_64, r-release-linux-x86_64, r-release-macos-arm64, r-release-macos-x86_64, r-release-windows-x86_64