Last updated on 2025-02-22 00:49:42 CET.
Flavor | Version | Tinstall | Tcheck | Ttotal | Status | Flags |
---|---|---|---|---|---|---|
r-devel-linux-x86_64-debian-clang | 0.5.0 | 3.22 | 23.71 | 26.93 | OK | |
r-devel-linux-x86_64-debian-gcc | 0.5.0 | 2.22 | 17.92 | 20.14 | OK | |
r-devel-linux-x86_64-fedora-clang | 0.5.0 | 43.16 | NOTE | |||
r-devel-linux-x86_64-fedora-gcc | 0.5.0 | 40.11 | NOTE | |||
r-devel-macos-arm64 | 0.5.0 | 20.00 | OK | |||
r-devel-macos-x86_64 | 0.5.0 | 28.00 | OK | |||
r-devel-windows-x86_64 | 0.5.0 | 5.00 | 49.00 | 54.00 | OK | |
r-patched-linux-x86_64 | 0.5.0 | 3.30 | 22.71 | 26.01 | OK | |
r-release-linux-x86_64 | 0.5.0 | 3.34 | 22.41 | 25.75 | OK | |
r-release-macos-arm64 | 0.5.0 | 18.00 | OK | |||
r-release-macos-x86_64 | 0.5.0 | 25.00 | OK | |||
r-release-windows-x86_64 | 0.5.0 | 5.00 | 43.00 | 48.00 | OK | |
r-oldrel-macos-arm64 | 0.5.0 | 21.00 | OK | |||
r-oldrel-macos-x86_64 | 0.5.0 | 25.00 | OK | |||
r-oldrel-windows-x86_64 | 0.5.0 | 6.00 | 68.00 | 74.00 | OK |
Version: 0.5.0
Check: dependencies in R code
Result: NOTE
Namespaces in Imports field not imported from:
‘knitr’ ‘shinyBS’ ‘shinyMatrix’
All declared Imports should be used.
Flavors: r-devel-linux-x86_64-fedora-clang, r-devel-linux-x86_64-fedora-gcc