CRAN Package Check Results for Package Deducer

Last updated on 2025-02-22 00:49:42 CET.

Flavor Version Tinstall Tcheck Ttotal Status Flags
r-devel-linux-x86_64-debian-clang 0.7-9 19.90 146.60 166.50 NOTE
r-devel-linux-x86_64-debian-gcc 0.7-9 13.82 98.88 112.70 NOTE
r-devel-linux-x86_64-fedora-clang 0.7-9 240.86 OK
r-devel-linux-x86_64-fedora-gcc 0.7-9 233.91 OK
r-devel-macos-arm64 0.7-9 75.00 OK
r-devel-macos-x86_64 0.7-9 129.00 OK
r-devel-windows-x86_64 0.7-9 20.00 154.00 174.00 NOTE
r-patched-linux-x86_64 0.7-9 26.16 135.45 161.61 OK
r-release-linux-x86_64 0.7-9 19.18 135.63 154.81 OK
r-release-macos-arm64 0.7-9 66.00 OK
r-release-macos-x86_64 0.7-9 95.00 OK
r-release-windows-x86_64 0.7-9 20.00 146.00 166.00 OK
r-oldrel-macos-arm64 0.7-9 71.00 OK
r-oldrel-macos-x86_64 0.7-9 118.00 OK
r-oldrel-windows-x86_64 0.7-9 26.00 183.00 209.00 OK

Check Details

Version: 0.7-9
Check: Rd cross-references
Result: NOTE Found the following Rd file(s) with Rd \link{} targets missing package anchors: recode.variables.Rd: recode Please provide package anchors for all Rd \link{} targets not in the package itself and the base packages. Flavors: r-devel-linux-x86_64-debian-clang, r-devel-linux-x86_64-debian-gcc, r-devel-windows-x86_64