Last updated on 2025-02-22 00:49:43 CET.
Flavor | Version | Tinstall | Tcheck | Ttotal | Status | Flags |
---|---|---|---|---|---|---|
r-devel-linux-x86_64-debian-clang | 0.0.9 | 11.16 | 73.40 | 84.56 | NOTE | |
r-devel-linux-x86_64-debian-gcc | 0.0.9 | 6.51 | 49.81 | 56.32 | NOTE | |
r-devel-linux-x86_64-fedora-clang | 0.0.9 | 131.44 | NOTE | |||
r-devel-linux-x86_64-fedora-gcc | 0.0.9 | 120.79 | NOTE | |||
r-devel-macos-arm64 | 0.0.9 | 41.00 | OK | |||
r-devel-macos-x86_64 | 0.0.9 | 78.00 | NOTE | |||
r-devel-windows-x86_64 | 0.0.9 | 13.00 | 102.00 | 115.00 | NOTE | |
r-patched-linux-x86_64 | 0.0.9 | 10.64 | 66.73 | 77.37 | OK | |
r-release-linux-x86_64 | 0.0.9 | 11.51 | 67.14 | 78.65 | OK | |
r-release-macos-arm64 | 0.0.9 | 38.00 | OK | |||
r-release-macos-x86_64 | 0.0.9 | 62.00 | OK | |||
r-release-windows-x86_64 | 0.0.9 | 12.00 | 92.00 | 104.00 | OK | |
r-oldrel-macos-arm64 | 0.0.9 | 44.00 | OK | |||
r-oldrel-macos-x86_64 | 0.0.9 | 71.00 | OK | |||
r-oldrel-windows-x86_64 | 0.0.9 | 15.00 | 108.00 | 123.00 | OK |
Version: 0.0.9
Check: DESCRIPTION meta-information
Result: NOTE
Missing dependency on R >= 4.1.0 because package code uses the pipe
|> or function shorthand \(...) syntax added in R 4.1.0.
File(s) using such syntax:
‘v_fmt_to_type.R’
Flavors: r-devel-linux-x86_64-debian-clang, r-devel-linux-x86_64-debian-gcc, r-devel-linux-x86_64-fedora-clang, r-devel-linux-x86_64-fedora-gcc, r-devel-macos-x86_64, r-devel-windows-x86_64