Last updated on 2024-05-23 01:57:52 CEST.
Flavor | Version | Tinstall | Tcheck | Ttotal | Status | Flags |
---|---|---|---|---|---|---|
r-devel-linux-x86_64-debian-clang | 0.4.6 | 11.85 | 325.98 | 337.83 | OK | |
r-devel-linux-x86_64-debian-gcc | 0.4.6 | 10.45 | 241.70 | 252.15 | OK | |
r-devel-linux-x86_64-fedora-clang | 0.4.6 | 421.35 | NOTE | |||
r-devel-linux-x86_64-fedora-gcc | 0.4.6 | 417.31 | OK | |||
r-devel-windows-x86_64 | 0.4.6 | 12.00 | 228.00 | 240.00 | NOTE | |
r-patched-linux-x86_64 | 0.4.6 | 11.36 | 318.87 | 330.23 | OK | |
r-release-linux-x86_64 | 0.4.6 | 8.08 | 311.08 | 319.16 | OK | |
r-release-macos-arm64 | 0.4.6 | 112.00 | NOTE | |||
r-release-windows-x86_64 | 0.4.6 | 12.00 | 238.00 | 250.00 | NOTE | |
r-oldrel-macos-arm64 | 0.4.6 | 126.00 | NOTE | |||
r-oldrel-macos-x86_64 | 0.4.6 | 170.00 | NOTE | |||
r-oldrel-windows-x86_64 | 0.4.6 | 15.00 | 298.00 | 313.00 | NOTE |
Version: 0.4.6
Check: installed package size
Result: NOTE
installed size is 5.5Mb
sub-directories of 1Mb or more:
doc 5.1Mb
Flavors: r-devel-linux-x86_64-fedora-clang, r-devel-windows-x86_64, r-release-macos-arm64, r-release-windows-x86_64, r-oldrel-macos-arm64, r-oldrel-macos-x86_64, r-oldrel-windows-x86_64
Version: 0.4.6
Check: package dependencies
Result: NOTE
Packages suggested but not available for checking: 'spaMM', 'glmmTMB'
Packages which this enhances but not available for checking:
'rstan', 'BayesianTools'
Flavor: r-oldrel-macos-x86_64