Last updated on 2025-10-31 00:51:01 CET.
| Flavor | Version | Tinstall | Tcheck | Ttotal | Status | Flags | 
|---|---|---|---|---|---|---|
| r-devel-linux-x86_64-debian-clang | 1.7.4 | 34.18 | 117.39 | 151.57 | WARN | |
| r-devel-linux-x86_64-debian-gcc | 1.7.4 | 18.83 | 80.41 | 99.24 | WARN | |
| r-devel-linux-x86_64-fedora-clang | 1.7.4 | 168.00 | 73.04 | 241.04 | NOTE | |
| r-devel-linux-x86_64-fedora-gcc | 1.7.4 | 66.00 | 148.12 | 214.12 | NOTE | |
| r-devel-windows-x86_64 | 1.7.4 | 36.00 | 132.00 | 168.00 | NOTE | |
| r-patched-linux-x86_64 | 1.7.4 | 28.18 | 107.05 | 135.23 | NOTE | |
| r-release-linux-x86_64 | 1.7.4 | 30.10 | 104.68 | 134.78 | NOTE | |
| r-release-macos-arm64 | 1.7.4 | 14.00 | 44.00 | 58.00 | NOTE | |
| r-release-macos-x86_64 | 1.7.4 | 21.00 | 83.00 | 104.00 | NOTE | |
| r-release-windows-x86_64 | 1.7.4 | 36.00 | 133.00 | 169.00 | NOTE | |
| r-oldrel-macos-arm64 | 1.7.4 | 14.00 | 40.00 | 54.00 | NOTE | |
| r-oldrel-macos-x86_64 | 1.7.4 | 30.00 | 81.00 | 111.00 | NOTE | |
| r-oldrel-windows-x86_64 | 1.7.4 | 45.00 | 180.00 | 225.00 | NOTE | 
Version: 1.7.4
Check: CRAN incoming feasibility
Result: NOTE
  Maintainer: ‘Simon Schwab <schw4b@gmail.com>’
  
  No Authors@R field in DESCRIPTION.
  Please add one, modifying
    Authors@R: c(person(given = "Simon",
                        family = "Schwab",
                        role = c("aut", "cre"),
                        email = "schw4b@gmail.com"),
                 person(given = "Ruth",
                        family = "Harbord",
                        role = "aut",
                        email = "r.harbord@warwick.ac.uk"),
                 person(given = "Lilia",
                        family = "Costa",
                        role = "aut",
                        email = "liliacosta@ufba.br"),
                 person(given = "Thomas",
                        family = "Nichols",
                        role = "aut",
                        email = "t.e.nichols@warwick.ac.uk"))
  as necessary.
Flavors: r-devel-linux-x86_64-debian-clang, r-devel-linux-x86_64-debian-gcc
Version: 1.7.4
Check: whether package can be installed
Result: WARN
  Found the following significant warnings:
    /home/hornik/tmp/R.check/r-devel-clang/Work/build/Packages/RcppArmadillo/include/RcppArmadillo/version/arma.h:66:17: warning: Using fallback compilation with Armadillo 14.6.3. Please consider defining -DARMA_USE_CURRENT and also removing C++11 compilation directive. See GitHub issue #475 for more. [-W#pragma-messages]
  See ‘/home/hornik/tmp/R.check/r-devel-clang/Work/PKGS/DGM.Rcheck/00install.out’ for details.
  * used C++ compiler: ‘Debian clang version 19.1.7 (7)’
Flavor: r-devel-linux-x86_64-debian-clang
Version: 1.7.4
Check: C++ specification
Result: NOTE
    Specified C++11: please drop specification unless essential
Flavors: r-devel-linux-x86_64-debian-clang, r-devel-linux-x86_64-debian-gcc, r-devel-linux-x86_64-fedora-clang, r-devel-linux-x86_64-fedora-gcc, r-devel-windows-x86_64, r-patched-linux-x86_64, r-release-linux-x86_64, r-release-macos-arm64, r-release-macos-x86_64, r-release-windows-x86_64, r-oldrel-macos-arm64, r-oldrel-macos-x86_64, r-oldrel-windows-x86_64
Version: 1.7.4
Check: whether package can be installed
Result: WARN
  Found the following significant warnings:
    /home/hornik/tmp/R.check/r-devel-gcc/Work/build/Packages/RcppArmadillo/include/RcppArmadillo/version/arma.h:66:199: note: ‘#pragma message: Using fallback compilation with Armadillo 14.6.3. Please consider defining -DARMA_USE_CURRENT and also removing C++11 compilation directive. See GitHub issue #475 for more.’
  See ‘/home/hornik/tmp/R.check/r-devel-gcc/Work/PKGS/DGM.Rcheck/00install.out’ for details.
  * used C++ compiler: ‘g++-15 (Debian 15.2.0-4) 15.2.0’
Flavor: r-devel-linux-x86_64-debian-gcc