Last updated on 2025-10-31 00:51:01 CET.
| Flavor | Version | Tinstall | Tcheck | Ttotal | Status | Flags | 
|---|---|---|---|---|---|---|
| r-devel-linux-x86_64-debian-clang | 1.2.3 | 1.45 | 21.47 | 22.92 | NOTE | |
| r-devel-linux-x86_64-debian-gcc | 1.2.3 | 1.44 | 17.88 | 19.32 | NOTE | |
| r-devel-linux-x86_64-fedora-clang | 1.2.3 | 35.30 | OK | |||
| r-devel-linux-x86_64-fedora-gcc | 1.2.3 | 32.39 | OK | |||
| r-devel-windows-x86_64 | 1.2.3 | 4.00 | 40.00 | 44.00 | OK | |
| r-patched-linux-x86_64 | 1.2.3 | 1.66 | 20.18 | 21.84 | OK | |
| r-release-linux-x86_64 | 1.2.3 | 1.74 | 20.16 | 21.90 | OK | |
| r-release-macos-arm64 | 1.2.3 | 1.00 | 15.00 | 16.00 | OK | |
| r-release-macos-x86_64 | 1.2.3 | 2.00 | 23.00 | 25.00 | OK | |
| r-release-windows-x86_64 | 1.2.3 | 4.00 | 42.00 | 46.00 | OK | |
| r-oldrel-macos-arm64 | 1.2.3 | 1.00 | 13.00 | 14.00 | OK | |
| r-oldrel-macos-x86_64 | 1.2.3 | 2.00 | 20.00 | 22.00 | OK | |
| r-oldrel-windows-x86_64 | 1.2.3 | 4.00 | 44.00 | 48.00 | OK | 
Version: 1.2.3
Check: CRAN incoming feasibility
Result: NOTE
  Maintainer: ‘Javaria Ahmad Khan <jakhan0@yahoo.com>’
  
  No Authors@R field in DESCRIPTION.
  Please add one, modifying
    Authors@R: c(person(given = c("Javaria", "Ahmad"),
                        family = "Khan",
                        role = c("aut", "cre"),
                        email = "jakhan0@yahoo.com"),
                 person(given = "Atif",
                        family = "Akbar.",
                        role = "aut"))
  as necessary.
Flavors: r-devel-linux-x86_64-debian-clang, r-devel-linux-x86_64-debian-gcc