Last updated on 2025-11-01 00:49:56 CET.
| Flavor | Version | Tinstall | Tcheck | Ttotal | Status | Flags |
|---|---|---|---|---|---|---|
| r-devel-linux-x86_64-debian-clang | 0.1.0 | 42.57 | 357.63 | 400.20 | OK | |
| r-devel-linux-x86_64-debian-gcc | 0.1.0 | 34.03 | 261.08 | 295.11 | OK | |
| r-devel-linux-x86_64-fedora-clang | 0.1.0 | 368.00 | 325.08 | 693.08 | OK | |
| r-devel-linux-x86_64-fedora-gcc | 0.1.0 | 304.00 | 333.85 | 637.85 | OK | |
| r-devel-windows-x86_64 | 0.1.0 | 47.00 | 291.00 | 338.00 | OK | |
| r-patched-linux-x86_64 | 0.1.0 | 0.31 | 1.75 | 2.06 | ERROR | |
| r-release-linux-x86_64 | 0.1.0 | 43.53 | 336.33 | 379.86 | OK | |
| r-release-macos-arm64 | 0.1.0 | 24.00 | 155.00 | 179.00 | OK | |
| r-release-macos-x86_64 | 0.1.0 | 44.00 | 259.00 | 303.00 | OK | |
| r-release-windows-x86_64 | 0.1.0 | 47.00 | 288.00 | 335.00 | OK | |
| r-oldrel-macos-arm64 | 0.1.0 | 22.00 | 130.00 | 152.00 | OK | |
| r-oldrel-macos-x86_64 | 0.1.0 | 31.00 | 197.00 | 228.00 | OK | |
| r-oldrel-windows-x86_64 | 0.1.0 | 63.00 | 403.00 | 466.00 | OK |
Version: 0.1.0
Check: package dependencies
Result: ERROR
Packages required but not available: 'dada2', 'ShortRead'
See section ‘The DESCRIPTION file’ in the ‘Writing R Extensions’
manual.
Flavor: r-patched-linux-x86_64