Last updated on 2025-10-31 00:51:00 CET.
| Flavor | Version | Tinstall | Tcheck | Ttotal | Status | Flags | 
|---|---|---|---|---|---|---|
| r-devel-linux-x86_64-debian-clang | 1.0.0 | 1.84 | 33.74 | 35.58 | NOTE | |
| r-devel-linux-x86_64-debian-gcc | 1.0.0 | 1.53 | 26.99 | 28.52 | NOTE | |
| r-devel-linux-x86_64-fedora-clang | 1.0.0 | 22.00 | 36.20 | 58.20 | NOTE | |
| r-devel-linux-x86_64-fedora-gcc | 1.0.0 | 64.41 | NOTE | |||
| r-devel-windows-x86_64 | 1.0.0 | 4.00 | 51.00 | 55.00 | NOTE | |
| r-patched-linux-x86_64 | 1.0.0 | 2.06 | 31.18 | 33.24 | NOTE | |
| r-release-linux-x86_64 | 1.0.0 | 1.77 | 31.33 | 33.10 | NOTE | |
| r-release-macos-arm64 | 1.0.0 | 1.00 | 33.00 | 34.00 | NOTE | |
| r-release-macos-x86_64 | 1.0.0 | 2.00 | 43.00 | 45.00 | NOTE | |
| r-release-windows-x86_64 | 1.0.0 | 4.00 | 54.00 | 58.00 | NOTE | |
| r-oldrel-macos-arm64 | 1.0.0 | 1.00 | 26.00 | 27.00 | OK | |
| r-oldrel-macos-x86_64 | 1.0.0 | 2.00 | 41.00 | 43.00 | OK | |
| r-oldrel-windows-x86_64 | 1.0.0 | 5.00 | 62.00 | 67.00 | OK | 
Version: 1.0.0
Check: DESCRIPTION meta-information
Result: NOTE
    Missing dependency on R >= 4.1.0 because package code uses the pipe
    |> or function shorthand \(...) syntax added in R 4.1.0.
    File(s) using such syntax:
      ‘plot_curriculum_graph.R’
Flavors: r-devel-linux-x86_64-debian-clang, r-devel-linux-x86_64-debian-gcc, r-devel-linux-x86_64-fedora-clang, r-devel-linux-x86_64-fedora-gcc, r-devel-windows-x86_64, r-patched-linux-x86_64, r-release-linux-x86_64, r-release-macos-arm64, r-release-macos-x86_64, r-release-windows-x86_64