Last updated on 2025-10-31 00:51:00 CET.
| Flavor | Version | Tinstall | Tcheck | Ttotal | Status | Flags | 
|---|---|---|---|---|---|---|
| r-devel-linux-x86_64-debian-clang | 1.2.7 | 10.15 | 103.90 | 114.05 | NOTE | |
| r-devel-linux-x86_64-debian-gcc | 1.2.7 | 6.78 | 72.62 | 79.40 | NOTE | |
| r-devel-linux-x86_64-fedora-clang | 1.2.7 | 48.00 | 137.15 | 185.15 | OK | |
| r-devel-linux-x86_64-fedora-gcc | 1.2.7 | 22.00 | 154.32 | 176.32 | OK | |
| r-devel-windows-x86_64 | 1.2.7 | 13.00 | 131.00 | 144.00 | OK | |
| r-patched-linux-x86_64 | 1.2.7 | 9.62 | 97.36 | 106.98 | OK | |
| r-release-linux-x86_64 | 1.2.7 | 10.29 | 97.73 | 108.02 | OK | |
| r-release-macos-arm64 | 1.2.7 | 6.00 | 56.00 | 62.00 | OK | |
| r-release-macos-x86_64 | 1.2.7 | 8.00 | 90.00 | 98.00 | OK | |
| r-release-windows-x86_64 | 1.2.7 | 13.00 | 154.00 | 167.00 | OK | |
| r-oldrel-macos-arm64 | 1.2.7 | 4.00 | 45.00 | 49.00 | OK | |
| r-oldrel-macos-x86_64 | 1.2.7 | 7.00 | 72.00 | 79.00 | OK | |
| r-oldrel-windows-x86_64 | 1.2.7 | 18.00 | 152.00 | 170.00 | OK | 
Version: 1.2.7
Check: CRAN incoming feasibility
Result: NOTE
  Maintainer: ‘Haydar Demirhan <haydar.demirhan@rmit.edu.au>’
  
  No Authors@R field in DESCRIPTION.
  Please add one, modifying
    Authors@R: person(given = "Haydar",
                      family = "Demirhan",
                      role = c("aut", "cre"),
                      email = "haydar.demirhan@rmit.edu.au",
                      comment = c(ORCID = "0000-0002-8565-4710"))
  as necessary.
  
  Package CITATION file contains call(s) to old-style personList() or
  as.personList().  Please use c() on person objects instead.
  Package CITATION file contains call(s) to old-style citEntry().  Please
  use bibentry() instead.
Flavors: r-devel-linux-x86_64-debian-clang, r-devel-linux-x86_64-debian-gcc