Last updated on 2025-10-31 00:51:00 CET.
| Flavor | Version | Tinstall | Tcheck | Ttotal | Status | Flags | 
|---|---|---|---|---|---|---|
| r-devel-linux-x86_64-debian-clang | 0.1-22 | 36.35 | 172.52 | 208.87 | NOTE | |
| r-devel-linux-x86_64-debian-gcc | 0.1-22 | 24.00 | 129.68 | 153.68 | NOTE | |
| r-devel-linux-x86_64-fedora-clang | 0.1-22 | 286.00 | 59.51 | 345.51 | OK | |
| r-devel-linux-x86_64-fedora-gcc | 0.1-22 | 159.00 | 189.98 | 348.98 | OK | |
| r-devel-windows-x86_64 | 0.1-22 | 41.00 | 208.00 | 249.00 | OK | |
| r-patched-linux-x86_64 | 0.1-22 | 34.87 | 163.10 | 197.97 | OK | |
| r-release-linux-x86_64 | 0.1-22 | 34.98 | 165.13 | 200.11 | OK | |
| r-release-macos-arm64 | 0.1-22 | 17.00 | 99.00 | 116.00 | OK | |
| r-release-macos-x86_64 | 0.1-22 | 29.00 | 146.00 | 175.00 | OK | |
| r-release-windows-x86_64 | 0.1-22 | 41.00 | 211.00 | 252.00 | OK | |
| r-oldrel-macos-arm64 | 0.1-22 | 12.00 | 78.00 | 90.00 | OK | |
| r-oldrel-macos-x86_64 | 0.1-22 | 31.00 | 156.00 | 187.00 | OK | |
| r-oldrel-windows-x86_64 | 0.1-22 | 54.00 | 261.00 | 315.00 | OK | 
Version: 0.1-22
Check: CRAN incoming feasibility
Result: NOTE
  Maintainer: ‘Kornelius Rohmeyer <rohmeyer@small-projects.de>’
  
  No Authors@R field in DESCRIPTION.
  Please add one, modifying
    Authors@R: person(given = "Kornelius",
                      family = "Rohmeyer",
                      role = c("aut", "cre"),
                      email = "rohmeyer@small-projects.de")
  as necessary.
Flavors: r-devel-linux-x86_64-debian-clang, r-devel-linux-x86_64-debian-gcc