Last updated on 2025-10-31 00:51:00 CET.
| Flavor | Version | Tinstall | Tcheck | Ttotal | Status | Flags | 
|---|---|---|---|---|---|---|
| r-devel-linux-x86_64-debian-clang | 1.2 | 14.79 | 126.12 | 140.91 | NOTE | |
| r-devel-linux-x86_64-debian-gcc | 1.2 | 9.16 | 88.80 | 97.96 | NOTE | |
| r-devel-linux-x86_64-fedora-clang | 1.2 | 115.00 | 114.16 | 229.16 | OK | |
| r-devel-linux-x86_64-fedora-gcc | 1.2 | 30.00 | 185.50 | 215.50 | OK | |
| r-devel-windows-x86_64 | 1.2 | 15.00 | 413.00 | 428.00 | OK | |
| r-patched-linux-x86_64 | 1.2 | 14.02 | 118.41 | 132.43 | OK | |
| r-release-linux-x86_64 | 1.2 | 11.94 | 118.18 | 130.12 | OK | |
| r-release-macos-arm64 | 1.2 | 6.00 | 176.00 | 182.00 | OK | |
| r-release-macos-x86_64 | 1.2 | 11.00 | 330.00 | 341.00 | OK | |
| r-release-windows-x86_64 | 1.2 | 16.00 | 416.00 | 432.00 | OK | |
| r-oldrel-macos-arm64 | 1.2 | 6.00 | 159.00 | 165.00 | OK | |
| r-oldrel-macos-x86_64 | 1.2 | 8.00 | 264.00 | 272.00 | OK | |
| r-oldrel-windows-x86_64 | 1.2 | 20.00 | 488.00 | 508.00 | OK | 
Version: 1.2
Check: CRAN incoming feasibility
Result: NOTE
  Maintainer: ‘Ivan Fernandez-Val <ivanf@bu.edu>’
  
  No Authors@R field in DESCRIPTION.
  Please add one, modifying
    Authors@R: c(person(given = "Mingli",
                        family = "Chen",
                        role = "aut"),
                 person(given = "Victor",
                        family = "Chernozhukov",
                        role = "aut"),
                 person(given = "Ivan",
                        family = "Fernandez-Val",
                        role = c("aut", "cre"),
                        email = "ivanf@bu.edu"),
                 person(given = "Blaise",
                        family = "Melly",
                        role = "aut"))
  as necessary.
Flavors: r-devel-linux-x86_64-debian-clang, r-devel-linux-x86_64-debian-gcc