Last updated on 2025-10-31 00:51:00 CET.
| Flavor | Version | Tinstall | Tcheck | Ttotal | Status | Flags | 
|---|---|---|---|---|---|---|
| r-devel-linux-x86_64-debian-clang | 1.0.5 | 4.29 | 43.13 | 47.42 | OK | |
| r-devel-linux-x86_64-debian-gcc | 1.0.5 | 3.17 | 34.56 | 37.73 | OK | |
| r-devel-linux-x86_64-fedora-clang | 1.0.5 | 47.00 | 29.96 | 76.96 | OK | |
| r-devel-linux-x86_64-fedora-gcc | 1.0.5 | 85.75 | OK | |||
| r-devel-windows-x86_64 | 1.0.5 | 6.00 | 58.00 | 64.00 | OK | |
| r-patched-linux-x86_64 | 1.0.5 | 4.04 | 40.95 | 44.99 | OK | |
| r-release-linux-x86_64 | 1.0.5 | 3.79 | 40.62 | 44.41 | OK | |
| r-release-macos-arm64 | 1.0.5 | 2.00 | 34.00 | 36.00 | OK | |
| r-release-macos-x86_64 | 1.0.5 | 3.00 | 56.00 | 59.00 | OK | |
| r-release-windows-x86_64 | 1.0.5 | 6.00 | 58.00 | 64.00 | OK | |
| r-oldrel-macos-arm64 | 1.0.5 | 2.00 | 33.00 | 35.00 | NOTE | |
| r-oldrel-macos-x86_64 | 1.0.5 | 4.00 | 61.00 | 65.00 | NOTE | |
| r-oldrel-windows-x86_64 | 1.0.5 | 7.00 | 66.00 | 73.00 | NOTE | 
Version: 1.0.5
Check: installed package size
Result: NOTE
    installed size is  7.2Mb
    sub-directories of 1Mb or more:
      doc             2.0Mb
      vignette_data   2.6Mb
Flavors: r-oldrel-macos-arm64, r-oldrel-macos-x86_64, r-oldrel-windows-x86_64