Last updated on 2024-08-24 02:49:36 CEST.
Flavor | Version | Tinstall | Tcheck | Ttotal | Status | Flags |
---|---|---|---|---|---|---|
r-devel-linux-x86_64-debian-clang | 3.0.1 | 31.56 | 266.41 | 297.97 | OK | |
r-devel-linux-x86_64-debian-gcc | 3.0.1 | 20.13 | 170.70 | 190.83 | OK | |
r-devel-linux-x86_64-fedora-clang | 3.0.1 | 478.51 | NOTE | |||
r-devel-linux-x86_64-fedora-gcc | 3.0.1 | 447.16 | NOTE | |||
r-devel-windows-x86_64 | 3.0.1 | 28.00 | 224.00 | 252.00 | OK | |
r-patched-linux-x86_64 | 3.0.1 | 29.60 | 246.34 | 275.94 | OK | |
r-release-linux-x86_64 | 3.0.1 | 25.68 | 248.97 | 274.65 | OK | |
r-release-macos-arm64 | 3.0.1 | 123.00 | OK | |||
r-release-macos-x86_64 | 3.0.1 | 208.00 | OK | |||
r-release-windows-x86_64 | 3.0.1 | 29.00 | 221.00 | 250.00 | OK | |
r-oldrel-macos-arm64 | 3.0.1 | 127.00 | OK | |||
r-oldrel-macos-x86_64 | 3.0.1 | 283.00 | OK | |||
r-oldrel-windows-x86_64 | 3.0.1 | 39.00 | 311.00 | 350.00 | OK |
Version: 3.0.1
Check: data for non-ASCII characters
Result: NOTE
Note: found 144 marked UTF-8 strings
Flavors: r-devel-linux-x86_64-fedora-clang, r-devel-linux-x86_64-fedora-gcc