Last updated on 2025-10-31 00:51:00 CET.
| Flavor | Version | Tinstall | Tcheck | Ttotal | Status | Flags | 
|---|---|---|---|---|---|---|
| r-devel-linux-x86_64-debian-clang | 0.2.6.2 | 9.37 | 103.10 | 112.47 | NOTE | |
| r-devel-linux-x86_64-debian-gcc | 0.2.6.2 | 6.56 | 77.93 | 84.49 | NOTE | |
| r-devel-linux-x86_64-fedora-clang | 0.2.6.2 | 83.00 | 95.17 | 178.17 | OK | |
| r-devel-linux-x86_64-fedora-gcc | 0.2.6.2 | 54.00 | 119.73 | 173.73 | OK | |
| r-devel-windows-x86_64 | 0.2.6.2 | 9.00 | 109.00 | 118.00 | OK | |
| r-patched-linux-x86_64 | 0.2.6.2 | 9.90 | 98.07 | 107.97 | OK | |
| r-release-linux-x86_64 | 0.2.6.2 | 9.92 | 96.44 | 106.36 | OK | |
| r-release-macos-arm64 | 0.2.6.2 | 5.00 | 48.00 | 53.00 | OK | |
| r-release-macos-x86_64 | 0.2.6.2 | 7.00 | 83.00 | 90.00 | OK | |
| r-release-windows-x86_64 | 0.2.6.2 | 10.00 | 104.00 | 114.00 | OK | |
| r-oldrel-macos-arm64 | 0.2.6.2 | 4.00 | 45.00 | 49.00 | NOTE | |
| r-oldrel-macos-x86_64 | 0.2.6.2 | 6.00 | 64.00 | 70.00 | NOTE | |
| r-oldrel-windows-x86_64 | 0.2.6.2 | 13.00 | 135.00 | 148.00 | NOTE | 
Version: 0.2.6.2
Check: CRAN incoming feasibility
Result: NOTE
  Maintainer: ‘Christina Heinze-Deml <heinzedeml@stat.math.ethz.ch>’
  
  No Authors@R field in DESCRIPTION.
  Please add one, modifying
    Authors@R: c(person(given = "Christina",
                        family = "Heinze-Deml",
                        role = c("aut", "cre"),
                        email = "heinzedeml@stat.math.ethz.ch"),
                 person(given = "Nicolai",
                        family = "Meinshausen",
                        role = "aut",
                        email = "meinshausen@stat.math.ethz.ch"))
  as necessary.
  
  Package CITATION file contains call(s) to old-style personList() or
  as.personList().  Please use c() on person objects instead.
  Package CITATION file contains call(s) to old-style citEntry().  Please
  use bibentry() instead.
Flavors: r-devel-linux-x86_64-debian-clang, r-devel-linux-x86_64-debian-gcc
Version: 0.2.6.2
Check: package dependencies
Result: NOTE
  Package suggested but not available for checking: ‘CAM’
Flavors: r-oldrel-macos-arm64, r-oldrel-macos-x86_64, r-oldrel-windows-x86_64