Last updated on 2025-10-31 00:51:00 CET.
| Flavor | Version | Tinstall | Tcheck | Ttotal | Status | Flags | 
|---|---|---|---|---|---|---|
| r-devel-linux-x86_64-debian-clang | 0.1.9 | 2.94 | 30.48 | 33.42 | NOTE | |
| r-devel-linux-x86_64-debian-gcc | 0.1.9 | 2.19 | 23.32 | 25.51 | NOTE | |
| r-devel-linux-x86_64-fedora-clang | 0.1.9 | 28.00 | 26.75 | 54.75 | NOTE | |
| r-devel-linux-x86_64-fedora-gcc | 0.1.9 | 11.00 | 36.66 | 47.66 | NOTE | |
| r-devel-windows-x86_64 | 0.1.9 | 5.00 | 43.00 | 48.00 | OK | |
| r-patched-linux-x86_64 | 0.1.9 | 3.13 | 28.37 | 31.50 | OK | |
| r-release-linux-x86_64 | 0.1.9 | 2.54 | 27.67 | 30.21 | OK | |
| r-release-macos-arm64 | 0.1.9 | 2.00 | 19.00 | 21.00 | OK | |
| r-release-macos-x86_64 | 0.1.9 | 2.00 | 27.00 | 29.00 | OK | |
| r-release-windows-x86_64 | 0.1.9 | 4.00 | 46.00 | 50.00 | OK | |
| r-oldrel-macos-arm64 | 0.1.9 | 2.00 | 15.00 | 17.00 | NOTE | |
| r-oldrel-macos-x86_64 | 0.1.9 | 2.00 | 25.00 | 27.00 | NOTE | |
| r-oldrel-windows-x86_64 | 0.1.9 | 6.00 | 52.00 | 58.00 | NOTE | 
Version: 0.1.9
Check: CRAN incoming feasibility
Result: NOTE
  Maintainer: ‘Wilmer Martinez <womartin@asu.edu>’
  
  No Authors@R field in DESCRIPTION.
  Please add one, modifying
    Authors@R: person(given = "Wilmer",
                      family = "Martinez",
                      role = c("aut", "cre"),
                      email = "womartin@asu.edu")
  as necessary.
  
  Found the following URLs which should use \doi (with the DOI name only):
    File ‘coincident_profile.Rd’:
      http://dx.doi.org/10.1016/j.spl.2015.11.008
Flavors: r-devel-linux-x86_64-debian-clang, r-devel-linux-x86_64-debian-gcc
Version: 0.1.9
Check: dependencies in R code
Result: NOTE
  Namespaces in Imports field not imported from:
    ‘Rdpack’ ‘coin’ ‘ggplot2’ ‘plyr’
    All declared Imports should be used.
Flavors: r-devel-linux-x86_64-fedora-clang, r-devel-linux-x86_64-fedora-gcc
Version: 0.1.9
Check: LazyData
Result: NOTE
    'LazyData' is specified without a 'data' directory
Flavors: r-oldrel-macos-arm64, r-oldrel-macos-x86_64, r-oldrel-windows-x86_64