Last updated on 2025-10-31 00:51:00 CET.
| Flavor | Version | Tinstall | Tcheck | Ttotal | Status | Flags | 
|---|---|---|---|---|---|---|
| r-devel-linux-x86_64-debian-clang | 0.8 | 51.47 | 70.76 | 122.23 | NOTE | |
| r-devel-linux-x86_64-debian-gcc | 0.8 | 29.45 | 49.79 | 79.24 | NOTE | |
| r-devel-linux-x86_64-fedora-clang | 0.8 | 334.00 | -92.08 | 241.92 | NOTE | |
| r-devel-linux-x86_64-fedora-gcc | 0.8 | 134.00 | 59.07 | 193.07 | NOTE | |
| r-devel-windows-x86_64 | 0.8 | 61.00 | 97.00 | 158.00 | NOTE | |
| r-patched-linux-x86_64 | 0.8 | 48.12 | 66.47 | 114.59 | NOTE | |
| r-release-linux-x86_64 | 0.8 | 43.93 | 66.18 | 110.11 | NOTE | |
| r-release-macos-arm64 | 0.8 | 19.00 | 31.00 | 50.00 | NOTE | |
| r-release-macos-x86_64 | 0.8 | 19.00 | 47.00 | 66.00 | NOTE | |
| r-release-windows-x86_64 | 0.8 | 64.00 | 103.00 | 167.00 | NOTE | |
| r-oldrel-macos-arm64 | 0.8 | 19.00 | 27.00 | 46.00 | NOTE | |
| r-oldrel-macos-x86_64 | 0.8 | 18.00 | 40.00 | 58.00 | NOTE | |
| r-oldrel-windows-x86_64 | 0.8 | 73.00 | 122.00 | 195.00 | NOTE | 
Version: 0.8
Check: CRAN incoming feasibility
Result: NOTE
  Maintainer: ‘Antonio Canale <antonio.canale@unipd.it>’
  
  No Authors@R field in DESCRIPTION.
  Please add one, modifying
    Authors@R: c(person(given = "Antonio",
                        family = "Canale",
                        role = c("aut", "cre"),
                        email = "antonio.canale@unipd.it"),
                 person(given = "Daniele",
                        family = "Durante",
                        role = "ctb"),
                 person(given = "Arianna",
                        family = "Falcioni",
                        role = "aut"),
                 person(given = "Luisa",
                        family = "Galtarossa",
                        role = "aut"),
                 person(given = "Tommaso",
                        family = "Rigon",
                        role = "ctb"))
  as necessary.
Flavors: r-devel-linux-x86_64-debian-clang, r-devel-linux-x86_64-debian-gcc
Version: 0.8
Check: Rd files
Result: NOTE
  checkRd: (-1) BMD.Rd:21: Lost braces in \itemize; \value handles \item{}{} directly
  checkRd: (-1) BMD.Rd:22: Lost braces in \itemize; \value handles \item{}{} directly
  checkRd: (-1) BMD.Rd:23: Lost braces in \itemize; \value handles \item{}{} directly
  checkRd: (-1) BMD.Rd:24: Lost braces in \itemize; \value handles \item{}{} directly
  checkRd: (-1) BMD.Rd:25: Lost braces in \itemize; \value handles \item{}{} directly
  checkRd: (-1) add.risk.Rd:30: Lost braces in \itemize; \value handles \item{}{} directly
  checkRd: (-1) add.risk.Rd:31: Lost braces in \itemize; \value handles \item{}{} directly
  checkRd: (-1) comire.gibbs.Rd:66: Lost braces in \itemize; \value handles \item{}{} directly
  checkRd: (-1) comire.gibbs.Rd:67-68: Lost braces in \itemize; \value handles \item{}{} directly
  checkRd: (-1) comire.gibbs.Rd:69: Lost braces in \itemize; \value handles \item{}{} directly
  checkRd: (-1) comire.gibbs.Rd:70: Lost braces in \itemize; \value handles \item{}{} directly
  checkRd: (-1) comire.gibbs.Rd:71: Lost braces in \itemize; \value handles \item{}{} directly
  checkRd: (-1) comire.gibbs.Rd:72: Lost braces in \itemize; \value handles \item{}{} directly
  checkRd: (-1) comire.gibbs.Rd:73: Lost braces in \itemize; \value handles \item{}{} directly
  checkRd: (-1) comire.gibbs.Rd:74: Lost braces in \itemize; \value handles \item{}{} directly
  checkRd: (-1) comire.gibbs.Rd:75: Lost braces in \itemize; \value handles \item{}{} directly
  checkRd: (-1) comire.gibbs.Rd:76: Lost braces in \itemize; \value handles \item{}{} directly
Flavors: r-devel-linux-x86_64-debian-clang, r-devel-linux-x86_64-debian-gcc, r-devel-linux-x86_64-fedora-clang, r-devel-linux-x86_64-fedora-gcc, r-devel-windows-x86_64, r-patched-linux-x86_64, r-release-linux-x86_64, r-release-macos-arm64, r-release-macos-x86_64, r-release-windows-x86_64, r-oldrel-macos-arm64, r-oldrel-macos-x86_64, r-oldrel-windows-x86_64