Last updated on 2025-02-22 00:49:41 CET.
Flavor | Version | Tinstall | Tcheck | Ttotal | Status | Flags |
---|---|---|---|---|---|---|
r-devel-linux-x86_64-debian-clang | 1.0.1 | 1.99 | 60.85 | 62.84 | NOTE | |
r-devel-linux-x86_64-debian-gcc | 1.0.1 | 1.74 | 42.30 | 44.04 | NOTE | |
r-devel-linux-x86_64-fedora-clang | 1.0.1 | 100.45 | OK | |||
r-devel-linux-x86_64-fedora-gcc | 1.0.1 | 111.39 | OK | |||
r-devel-macos-arm64 | 1.0.1 | 42.00 | OK | |||
r-devel-macos-x86_64 | 1.0.1 | 84.00 | OK | |||
r-devel-windows-x86_64 | 1.0.1 | 4.00 | 157.00 | 161.00 | NOTE | |
r-patched-linux-x86_64 | 1.0.1 | 5.12 | 58.50 | 63.62 | OK | |
r-release-linux-x86_64 | 1.0.1 | 2.16 | 59.03 | 61.19 | OK | |
r-release-macos-arm64 | 1.0.1 | 38.00 | OK | |||
r-release-macos-x86_64 | 1.0.1 | 61.00 | OK | |||
r-release-windows-x86_64 | 1.0.1 | 4.00 | 150.00 | 154.00 | OK | |
r-oldrel-macos-arm64 | 1.0.1 | 54.00 | OK | |||
r-oldrel-macos-x86_64 | 1.0.1 | 83.00 | OK | |||
r-oldrel-windows-x86_64 | 1.0.1 | 4.00 | 155.00 | 159.00 | OK |
Version: 1.0.1
Check: Rd cross-references
Result: NOTE
Found the following Rd file(s) with Rd \link{} targets missing package
anchors:
dissmutmatrix.Rd: dissplot
Please provide package anchors for all Rd \link{} targets not in the
package itself and the base packages.
Flavors: r-devel-linux-x86_64-debian-clang, r-devel-linux-x86_64-debian-gcc, r-devel-windows-x86_64